{"id":398,"date":"2016-02-10T18:15:36","date_gmt":"2016-02-10T18:15:36","guid":{"rendered":"http:\/\/www.inf.ufrgs.br\/cei_wp\/?page_id=398"},"modified":"2025-08-15T12:52:29","modified_gmt":"2025-08-15T12:52:29","slug":"apresentacao","status":"publish","type":"page","link":"https:\/\/www.inf.ufrgs.br\/cei\/institucional\/apresentacao\/","title":{"rendered":"Apresenta\u00e7\u00e3o"},"content":{"rendered":"<p>Criado em 04\/09\/1996, o Centro de Empreendimentos em Inform\u00e1tica \u2013 CEI possui a miss\u00e3o de \u201cusar a ci\u00eancia e a educa\u00e7\u00e3o para gerar riqueza e inova\u00e7\u00e3o\u201d. Atualmente o CEI \u00e9 uma das mais importantes incubadoras de empreendimentos e projetos na \u00e1rea de Tecnologia da Informa\u00e7\u00e3o e Comunica\u00e7\u00e3o (TIC) do sul do Brasil, incentivando a cria\u00e7\u00e3o e o desenvolvimento de startups, apoiando e oferecendo suporte t\u00e9cnico a projetos de inova\u00e7\u00e3o tecnol\u00f3gica. A incubadora \u00e9 integrada ao Instituto de Inform\u00e1tica da UFRGS, centro de excel\u00eancia em pesquisa e ensino de Computa\u00e7\u00e3o, trazendo muitos avan\u00e7os da computa\u00e7\u00e3o para o ambiente local.<\/p>\n<p>A incubadora est\u00e1 localizada no andar t\u00e9rreo do pr\u00e9dio n\u00ba 43.424, junto ao Instituto de Inform\u00e1tica da UFRGS e possui um espa\u00e7o f\u00edsico de 1.155 m2, divididos entre estacionamento, m\u00f3dulos de trabalho compartilhados, sala de coworking, salas privativas, laborat\u00f3rios, espa\u00e7os de conviv\u00eancia, salas de reuni\u00f5es, sala de design thinking, audit\u00f3rios, al\u00e9m de toda a infraestrutura dispon\u00edvel no Campus do Vale da UFRGS.<\/p>\n<p>Al\u00e9m de toda a estrutura f\u00edsica dispon\u00edvel, o fato do CEI pertencer ao Instituto de Inform\u00e1tica facilita o acesso \u00e0 biblioteca, aos docentes, aos alunos e aos mais diversos grupos de pesquisa, entre eles: Computa\u00e7\u00e3o Visual, Ci\u00eancia de Dados e Engenharia de Software, Sistemas de Computa\u00e7\u00e3o, Intelig\u00eancia Artificial, etc.<\/p>\n<p><span style=\"font-weight: 400;\">A equipe de capacita\u00e7\u00e3o empreendedora da incubadora participa de maneira ativa de todas as fases de matura\u00e7\u00e3o do neg\u00f3cio durante o per\u00edodo de resid\u00eancia e p\u00f3s-resid\u00eancia. Esta equipe \u00e9 composta por duas diretoras (professoras do Instituto de Inform\u00e1tica), dois servidores t\u00e9cnicos administrativos da UFRGS com forma\u00e7\u00e3o em administra\u00e7\u00e3o de empresas, bolsistas administrativos e consultores parceiros que atuam nas mais variadas \u00e1reas de conhecimento.<\/span><\/p>\n<p><span style=\"font-weight: 400;\">O CEI entende que a participa\u00e7\u00e3o em ecossistema de empreendedorismo \u00e9 uma importante ferramenta na consolida\u00e7\u00e3o dos neg\u00f3cios que apoia e por esta raz\u00e3o participa ativamente da REGINP (Rede Ga\u00facha de Ambientes de Inova\u00e7\u00e3o), ANPROTEC (Associa\u00e7\u00e3o Nacional de Entidades Promotoras de Empreendimentos Inovadores) e SEBRAE (Servi\u00e7o Brasileiro de Apoio \u00e0s Micro e Pequenas Empresas).<\/span><\/p>\n<p>Dentro do ambiente da UFRGS, o CEI comp\u00f5e uma rede de inova\u00e7\u00e3o que possui entre os seus atores o Parque Zenit, a SEDETEC (Secretaria de Desenvolvimento Tecnol\u00f3gico), EA (Escola de Administra\u00e7\u00e3o), REINTEC (Rede de incubadoras da UFRGS) e a PROIR (Pr\u00f3-reitoria de Inova\u00e7\u00e3o e Rela\u00e7\u00f5es Institucionais).<\/p>\n<p>Devido ao reconhecimento de sua efic\u00e1cia, o CEI possui a certifica\u00e7\u00e3o m\u00e1xima concedida pela ANPROTEC &#8211; CERNE 4. Este selo \u00e9 dado a ambientes de inova\u00e7\u00e3o que comprovem: a capacidade em desenvolver startups,\u00a0possuem uma boa auto-organiza\u00e7\u00e3o e que formam redes de parcerias e internacionaliza\u00e7\u00f5es.<\/p>\n<p>Todo este movimento do CEI em busca da excel\u00eancia tem o intuito de fortalecer o suporte prestado aos incubados e atrair novos neg\u00f3cios que contribuam para o desenvolvimento social e ambiental do Brasil.<\/p>\n<p>&nbsp;<\/p>\n<p style=\"text-align: justify;\"><span style=\"font-size: 14px;\"><strong>Infraestrutura<\/strong><\/span><\/p>\n<p style=\"text-align: justify;\"><span style=\"font-size: 14px;\">Instalado no Campus, abriga 20 m\u00f3dulos (com cerca de 25 m\u00b2 cada) dotados de equipamentos de inform\u00e1tica, m\u00f3veis, ar condicionado, telefone e acesso \u00e0 internet de alta velocidade. Oferece ainda salas para palestras, salas para reuni\u00f5es e secretaria, al\u00e9m do acesso \u00e0 Biblioteca do Instituto de Inform\u00e1tica, bibliotecas virtuais e \u00e0 \u00e1rea de estacionamento.<\/span><\/p>\n<p style=\"text-align: justify;\"><span style=\"font-size: 14px;\"><strong>Servi\u00e7os<\/strong><\/span><\/p>\n<p style=\"text-align: justify;\"><span style=\"font-size: 14px;\">O CEI disp\u00f5e de uma equipe treinada para metodologia pr\u00f3pria para acompanhamento da estrutura\u00e7\u00e3o e desenvolvimento das empresas em suas diferentes dimens\u00f5es: organiza\u00e7\u00e3o, recursos humanos, inova\u00e7\u00e3o, marketing e neg\u00f3cios. Al\u00e9m disso, incentiva e auxilia na participa\u00e7\u00e3o das empresas em feiras, eventos e mentorias.<\/span><\/p>\n<p style=\"text-align: justify;\"><span style=\"font-size: 14px;\">Nossas pesquisas de inform\u00e1tica, empreendimentos incubados e projetos estudantis usam uma ampla gama de conjuntos de dados de acesso aberto, como o <a href=\"https:\/\/www.alphavantage.co\" target=\"_blank\" rel=\"noopener\">Alpha Vantage Stock API<\/a><\/span><\/p>\n<p style=\"text-align: justify;\"><span style=\"font-size: 14px;\"><strong>Empresas Incubadas contam com:<\/strong><\/span><\/p>\n<ul style=\"font-size: 14px;\">\n<li>Salas mobiliadas;<\/li>\n<li>Laborat\u00f3rios compartilhados;<\/li>\n<li>Acesso \u00e0 internet de alta velocidade;<\/li>\n<li>Sala de treinamento;<\/li>\n<li>Sala de reuni\u00f5es;<\/li>\n<li>Biblioteca do Instituto de Inform\u00e1tica;<\/li>\n<li>Consultorias e mentorias;<\/li>\n<li>Treinamentos em pr\u00e1ticas modernas;<\/li>\n<li>Aux\u00edlio na elabora\u00e7\u00e3o do Plano de Neg\u00f3cios;<\/li>\n<li>Assessoria na busca de informa\u00e7\u00f5es tecnol\u00f3gicas;<\/li>\n<li>Apoio \u00e0 participa\u00e7\u00e3o de cursos e palestras;<\/li>\n<li>Servi\u00e7os de secretaria;<\/li>\n<li>Vigil\u00e2ncia;<\/li>\n<li>Limpeza;<\/li>\n<li>Audit\u00f3rio;<\/li>\n<li>Estacionamento;<\/li>\n<li>Acompanhamento a feiras e eventos.<\/li>\n<\/ul>\n<p><strong>Servi\u00e7os Com Contrapartida Financeira:<\/strong><br \/>\nS\u00e3o servi\u00e7os dispon\u00edveis para todo o p\u00fablico e interessados mediante\u00a0contrata\u00e7\u00e3o.<\/p>\n<ul style=\"font-size: 14px;\">\n<li>Impress\u00e3o 3D;<\/li>\n<li>Uso do\u00a0<a href=\"https:\/\/www.inf.ufrgs.br\/cei\/wp-content\/uploads\/2020\/05\/Pol\u00edtica-de-Acessos-aos-Servi\u00e7os-do-Cluster-do-CEI-UFRGS-Documentos-Google.pdf\" target=\"_blank\" rel=\"noopener\">Servi\u00e7o de Cluster<\/a>;\u00a0<a href=\"https:\/\/docs.google.com\/forms\/d\/e\/1FAIpQLScwYepol_Xh_Y3f2A6QgRxDbHkVVyrYo4tVgUIpoKNHkEOqag\/viewform?usp=sf_link\" target=\"_blank\" rel=\"noopener\">Solicita\u00e7\u00e3o de Acesso aos Servi\u00e7os do Cluster do CEI-UFRGS<\/a>;<\/li>\n<li>Eye Tracker;<\/li>\n<li><a href=\"https:\/\/www.inf.ufrgs.br\/cei\/wp-content\/uploads\/2016\/02\/Termo-de-uso-coworking.pdf\" target=\"_blank\" rel=\"noopener\">Coworking.<\/a><\/li>\n<li>Mentoria para projetos em fase de idea\u00e7\u00e3o.<\/li>\n<li>Consultoria T\u00e9cnica<\/li>\n<\/ul>\n<p><strong>Relat\u00f3rio de Atividades<\/strong><\/p>\n<p><span style=\"color: #ff0000;\"><a style=\"color: #ff0000;\" href=\"https:\/\/link.inf.ufrgs.br\/9-NKDB\">2021.<span style=\"color: #000000;\">pdf<\/span><\/a><\/span><\/p>\n<p><a style=\"color: #ff0000;\" href=\"https:\/\/link.inf.ufrgs.br\/10-CWLV\">2022.<span style=\"color: #000000;\">pdf<\/span><\/a><\/p>\n<p><a href=\"https:\/\/www.inf.ufrgs.br\/cei\/wp-content\/uploads\/2025\/08\/Relatorio-tecnico-2023.pdf\">2023.pdf<\/a><\/p>\n<p><a href=\"https:\/\/www.inf.ufrgs.br\/cei\/wp-content\/uploads\/2025\/08\/Relatorio-tecnico-2024_compressed.pdf\">2024.pdf<\/a><\/p>\n<p><strong>C\u00f3digo de Obriga\u00e7\u00f5es, Procedimentos e Normas de uso<\/strong><\/p>\n<p>&nbsp;<\/p>\n","protected":false},"excerpt":{"rendered":"<p>Criado em 04\/09\/1996, o Centro de Empreendimentos em Inform\u00e1tica \u2013 CEI possui a miss\u00e3o de \u201cusar a ci\u00eancia e a educa\u00e7\u00e3o para gerar riqueza e inova\u00e7\u00e3o\u201d. Atualmente o CEI \u00e9 uma das mais importantes incubadoras de empreendimentos e projetos na \u00e1rea de Tecnologia da Informa\u00e7\u00e3o e Comunica\u00e7\u00e3o (TIC) do sul do Brasil, incentivando a cria\u00e7\u00e3o [&hellip;]<\/p>\n","protected":false},"author":1,"featured_media":0,"parent":396,"menu_order":0,"comment_status":"closed","ping_status":"closed","template":"","meta":[],"_links":{"self":[{"href":"https:\/\/www.inf.ufrgs.br\/cei\/wp-json\/wp\/v2\/pages\/398"}],"collection":[{"href":"https:\/\/www.inf.ufrgs.br\/cei\/wp-json\/wp\/v2\/pages"}],"about":[{"href":"https:\/\/www.inf.ufrgs.br\/cei\/wp-json\/wp\/v2\/types\/page"}],"author":[{"embeddable":true,"href":"https:\/\/www.inf.ufrgs.br\/cei\/wp-json\/wp\/v2\/users\/1"}],"replies":[{"embeddable":true,"href":"https:\/\/www.inf.ufrgs.br\/cei\/wp-json\/wp\/v2\/comments?post=398"}],"version-history":[{"count":30,"href":"https:\/\/www.inf.ufrgs.br\/cei\/wp-json\/wp\/v2\/pages\/398\/revisions"}],"predecessor-version":[{"id":3033,"href":"https:\/\/www.inf.ufrgs.br\/cei\/wp-json\/wp\/v2\/pages\/398\/revisions\/3033"}],"up":[{"embeddable":true,"href":"https:\/\/www.inf.ufrgs.br\/cei\/wp-json\/wp\/v2\/pages\/396"}],"wp:attachment":[{"href":"https:\/\/www.inf.ufrgs.br\/cei\/wp-json\/wp\/v2\/media?parent=398"}],"curies":[{"name":"wp","href":"https:\/\/api.w.org\/{rel}","templated":true}]}}