{"id":731,"date":"2016-02-11T18:37:01","date_gmt":"2016-02-11T18:37:01","guid":{"rendered":"http:\/\/www.inf.ufrgs.br\/cei_wp\/?page_id=731"},"modified":"2025-07-08T20:19:18","modified_gmt":"2025-07-08T20:19:18","slug":"inscricoes","status":"publish","type":"page","link":"https:\/\/www.inf.ufrgs.br\/cei\/ingressoedital\/inscricoes\/","title":{"rendered":"Inscri\u00e7\u00f5es"},"content":{"rendered":"<h4>Confira aqui o <a href=\"https:\/\/www.ufrgs.br\/zenit\/wp-content\/uploads\/2024\/12\/edital-unificado-2025.pdf\">EDITAL<\/a> de Incuba\u00e7\u00e3o no CEI.<\/h4>\n<h5 style=\"text-align: justify;\"><strong>Link para inscri\u00e7\u00f5es para o Edital Unificado:<br \/>\n<\/strong><a href=\"https:\/\/jems.sbc.org.br\/home.cgi?c=4047\" target=\"_blank\" rel=\"noopener noreferrer\">Centro de Empreendimentos do Instituto de Inform\u00e1tica (CEI)<\/a><\/h5>\n<h5>Documentos importantes com instru\u00e7\u00f5es adicionais e procedimentos para inscrever sua proposta no Edital do CEI<\/h5>\n<h5><strong><a href=\"https:\/\/www.ufrgs.br\/zenit\/wp-content\/uploads\/2024\/03\/Tabela_de_valores_2024.pdf\" target=\"_blank\" rel=\"noopener noreferrer\">Tabela de Valores <\/a>(PDF)<\/strong><br \/>\n<strong><a href=\"https:\/\/www.ufrgs.br\/zenit\/wp-content\/uploads\/2019\/05\/model-canvas.pdf\" target=\"_blank\" rel=\"noopener noreferrer\">Business Model Canvas (BMC)<\/a>\u00a0(PDF)<\/strong><br \/>\n<strong><a href=\"https:\/\/www.ufrgs.br\/zenit\/wp-content\/uploads\/2019\/05\/Formul%C3%A1rio-de-Inscri%C3%A7%C3%A3o.docx\" target=\"_blank\" rel=\"noopener noreferrer\">Formul\u00e1rio de Inscri\u00e7\u00e3o (Paper Manuscript)<\/a>\u00a0(DOCX)<\/strong><\/h5>\n<h5><strong>Para mais informa\u00e7\u00f5es, acesse:<\/strong><br \/>\n<a href=\"https:\/\/www.ufrgs.br\/zenit\/edital2025-03\/\" target=\"_blank\" rel=\"noopener\">https:\/\/www.ufrgs.br\/zenit\/edital202<\/a>5<\/h5>\n<p>ou\u00a0 contate-nos atrav\u00e9s do e-mail <a class=\"moz-txt-link-abbreviated\" href=\"mailto:cei@inf.ufrgs.br\">cei@inf.ufrgs.br<\/a> ou WhatsApp (51) 3308-7032<\/p>\n","protected":false},"excerpt":{"rendered":"<p>Confira aqui o EDITAL de Incuba\u00e7\u00e3o no CEI. Link para inscri\u00e7\u00f5es para o Edital Unificado: Centro de Empreendimentos do Instituto de Inform\u00e1tica (CEI) Documentos importantes com instru\u00e7\u00f5es adicionais e procedimentos para inscrever sua proposta no Edital do CEI Tabela de Valores (PDF) Business Model Canvas (BMC)\u00a0(PDF) Formul\u00e1rio de Inscri\u00e7\u00e3o (Paper Manuscript)\u00a0(DOCX) Para mais informa\u00e7\u00f5es, acesse: [&hellip;]<\/p>\n","protected":false},"author":1,"featured_media":0,"parent":400,"menu_order":3,"comment_status":"closed","ping_status":"closed","template":"","meta":[],"_links":{"self":[{"href":"https:\/\/www.inf.ufrgs.br\/cei\/wp-json\/wp\/v2\/pages\/731"}],"collection":[{"href":"https:\/\/www.inf.ufrgs.br\/cei\/wp-json\/wp\/v2\/pages"}],"about":[{"href":"https:\/\/www.inf.ufrgs.br\/cei\/wp-json\/wp\/v2\/types\/page"}],"author":[{"embeddable":true,"href":"https:\/\/www.inf.ufrgs.br\/cei\/wp-json\/wp\/v2\/users\/1"}],"replies":[{"embeddable":true,"href":"https:\/\/www.inf.ufrgs.br\/cei\/wp-json\/wp\/v2\/comments?post=731"}],"version-history":[{"count":44,"href":"https:\/\/www.inf.ufrgs.br\/cei\/wp-json\/wp\/v2\/pages\/731\/revisions"}],"predecessor-version":[{"id":3020,"href":"https:\/\/www.inf.ufrgs.br\/cei\/wp-json\/wp\/v2\/pages\/731\/revisions\/3020"}],"up":[{"embeddable":true,"href":"https:\/\/www.inf.ufrgs.br\/cei\/wp-json\/wp\/v2\/pages\/400"}],"wp:attachment":[{"href":"https:\/\/www.inf.ufrgs.br\/cei\/wp-json\/wp\/v2\/media?parent=731"}],"curies":[{"name":"wp","href":"https:\/\/api.w.org\/{rel}","templated":true}]}}