{"id":744,"date":"2016-02-11T18:40:29","date_gmt":"2016-02-11T18:40:29","guid":{"rendered":"http:\/\/www.inf.ufrgs.br\/cei_wp\/?page_id=744"},"modified":"2025-09-12T15:55:48","modified_gmt":"2025-09-12T15:55:48","slug":"direcao","status":"publish","type":"page","link":"https:\/\/www.inf.ufrgs.br\/cei\/institucional\/direcao\/","title":{"rendered":"Dire\u00e7\u00e3o"},"content":{"rendered":"<p><strong>Composi\u00e7\u00e3o do CEI para o mandato 2025:<\/strong><\/p>\n<p><strong>Dire\u00e7\u00e3o do CEI<\/strong><br \/>\n\u00c9rika Fernandes Cota &#8211; Diretora<br \/>\nNicolas Bruno Maillard \u2013 Diretor Substituto<\/p>\n<p><strong>Conselho Diretor<\/strong><br \/>\nJuliano Ara\u00fajo Wickboldt<br \/>\nNicolas Bruno Maillard<br \/>\nJorge Luiz Vicente da Cunha \u2013 Representante TAs<br \/>\nRafael Humann Petry &#8211; Representante Discente<\/p>\n<p>&nbsp;<\/p>\n","protected":false},"excerpt":{"rendered":"<p>Composi\u00e7\u00e3o do CEI para o mandato 2025: Dire\u00e7\u00e3o do CEI \u00c9rika Fernandes Cota &#8211; Diretora Nicolas Bruno Maillard \u2013 Diretor Substituto Conselho Diretor Juliano Ara\u00fajo Wickboldt Nicolas Bruno Maillard Jorge Luiz Vicente da Cunha \u2013 Representante TAs Rafael Humann Petry &#8211; Representante Discente &nbsp;<\/p>\n","protected":false},"author":1,"featured_media":0,"parent":396,"menu_order":1,"comment_status":"closed","ping_status":"closed","template":"","meta":[],"_links":{"self":[{"href":"https:\/\/www.inf.ufrgs.br\/cei\/wp-json\/wp\/v2\/pages\/744"}],"collection":[{"href":"https:\/\/www.inf.ufrgs.br\/cei\/wp-json\/wp\/v2\/pages"}],"about":[{"href":"https:\/\/www.inf.ufrgs.br\/cei\/wp-json\/wp\/v2\/types\/page"}],"author":[{"embeddable":true,"href":"https:\/\/www.inf.ufrgs.br\/cei\/wp-json\/wp\/v2\/users\/1"}],"replies":[{"embeddable":true,"href":"https:\/\/www.inf.ufrgs.br\/cei\/wp-json\/wp\/v2\/comments?post=744"}],"version-history":[{"count":17,"href":"https:\/\/www.inf.ufrgs.br\/cei\/wp-json\/wp\/v2\/pages\/744\/revisions"}],"predecessor-version":[{"id":3044,"href":"https:\/\/www.inf.ufrgs.br\/cei\/wp-json\/wp\/v2\/pages\/744\/revisions\/3044"}],"up":[{"embeddable":true,"href":"https:\/\/www.inf.ufrgs.br\/cei\/wp-json\/wp\/v2\/pages\/396"}],"wp:attachment":[{"href":"https:\/\/www.inf.ufrgs.br\/cei\/wp-json\/wp\/v2\/media?parent=744"}],"curies":[{"name":"wp","href":"https:\/\/api.w.org\/{rel}","templated":true}]}}