{"id":226,"date":"2023-06-01T10:24:28","date_gmt":"2023-06-01T13:24:28","guid":{"rendered":"https:\/\/www.inf.ufrgs.br\/errc2023\/?page_id=226"},"modified":"2023-06-01T10:28:19","modified_gmt":"2023-06-01T13:28:19","slug":"sugestoes-aos-autores","status":"publish","type":"page","link":"https:\/\/www.inf.ufrgs.br\/errc2023\/chamada-de-trabalhos\/sugestoes-aos-autores\/","title":{"rendered":"Sugest\u00f5es aos Autores"},"content":{"rendered":"\n<p>A seguir s\u00e3o apresentadas sugest\u00f5es endere\u00e7adas aos autores que desejam submeter seus artigos para publica\u00e7\u00e3o e apresenta\u00e7\u00e3o na ERRC\/WRSeg. Cada sugest\u00e3o \u00e9 acompanhada de refer\u00eancias que podem ajudar na sua concretiza\u00e7\u00e3o.<\/p>\n\n\n\n<p>\ud83d\udcdd A primeira sugest\u00e3o \u00e9 <strong>planejar<\/strong> o que ser\u00e1 escrito antes de come\u00e7ar a escrever.<\/p>\n\n\n\n<ul>\n<li>Dicas gerais s\u00e3o apresentadas em <a href=\"http:\/\/ccr.sigcomm.org\/online\/files\/p3-1v40n3a-keshav-editorial.pdf\">\u201cOgres, Villagers, &amp; the Art of Writing\u201d<\/a>, escrito por S. Keshav.<\/li>\n\n\n\n<li>Para planejar aspectos mais espec\u00edficos do artigo a ser submetido para a ERRC, pode ser \u00fatil analisar o formul\u00e1rio que ser\u00e1 empregado pelos revisores. Use o formul\u00e1rio como guia para auto-avaliar o seu artigo. Verifique, por exemplo, no quesito originalidade, se o seu artigo compara o trabalho com outros na literatura; no quesito m\u00e9rito t\u00e9cnico, se o artigo diz claramente ao revisor qual a contribui\u00e7\u00e3o do trabalho.<\/li>\n\n\n\n<li>Na prepara\u00e7\u00e3o do seu artigo, use o formato exigido. O ERRC\/WRSeg exige o <a href=\"http:\/\/www.sbc.org.br\/documentos-da-sbc\/category\/169-templates-para-artigos-e-capitulos-de-livros\">modelo da SBC<\/a>. Atente para o limite de espa\u00e7o.<\/li>\n<\/ul>\n\n\n\n<p>\ud83d\udcda A segunda sugest\u00e3o \u00e9 <strong>estudar<\/strong> o processo de escrita.<\/p>\n\n\n\n<ul>\n<li>Um dos melhores recursos dispon\u00edveis em portugu\u00eas \u00e9 o <a href=\"http:\/\/www.inf.ufpr.br\/pos\/techreport\/RT_DINF004_2004.pdf\">\u201cPequeno Manual da Escrita T\u00e9cnica\u201d<\/a>, escrito por Roberto Hexsel. Esse material \u00e9 uma boa leitura para alunos ao escreverem seus trabalhos. Um dos lemas do texto \u00e9 \u201cleia o que escreveu\u201d.<\/li>\n\n\n\n<li>Outro bom material em portugu\u00eas \u00e9 o <a href=\"http:\/\/1.49.d5.sl.pt\/\">\u201cComo escrever um Artigo Cient\u00edfico ou T\u00e9cnico: Alguns Aspectos\u201d<\/a>.<\/li>\n\n\n\n<li>\u00c9 importante tamb\u00e9m entender os principais aspectos elencados em <a href=\"https:\/\/www.scribd.com\/document\/11655966\/Como-Nao-Escrever-um-Artigo-Cientifico\">\u201cComo (n\u00e3o) Escrever um Artigo T\u00e9cnico-Cient\u00edfico\u201d<\/a>.<\/li>\n\n\n\n<li><a href=\"http:\/\/www.ic.unicamp.br\/~rodolfo\/dicas\/escrita.html\">\u201cDicas sobre escrita\u201d<\/a> e <a href=\"http:\/\/www.ic.unicamp.br\/~rodolfo\/dicas\/apresentacoes.html\">\u201cDicas sobre apresenta\u00e7\u00f5es\u201d<\/a>, elaboras por Rodolfo de Azevedo, cont\u00e9m dicas importantes e \u00fateis para escrita e apresenta\u00e7\u00e3o de artigos.<\/li>\n\n\n\n<li><a href=\"http:\/\/www.cs.columbia.edu\/~hgs\/etc\/writing-style.html\">\u201cWriting Technical Articles\u201d<\/a>, escrito por Henning Schulzrinne, descreve em detalhes o processo de se elaborar um artigo t\u00e9cnico de qualidade na \u00e1rea da computa\u00e7\u00e3o, tratando tamb\u00e9m aspectos de estilo.<\/li>\n\n\n\n<li><a href=\"https:\/\/www.bartleby.com\/141\/index.html\">\u201cThe Elements of Style\u201d<\/a> \u00e9 uma refer\u00eancia interessante para compreender e aplicar elementos de estilo na escrita.<\/li>\n\n\n\n<li>A Introdu\u00e7\u00e3o (<a href=\"http:\/\/www.cs.columbia.edu\/~hgs\/etc\/intro-style.html\">\u201cWriting a good introduction\u201d<\/a>) \u00e9 fundamental para \u201cconverter\u201d um potencial leitor, que se interessou pela introdu\u00e7\u00e3o, em um leitor do trabalho completo.<\/li>\n\n\n\n<li>\u201cOn Writing Well\u201d, escrito por William Zinsser, \u00e9 um dos melhores e mais sucintos livros sobre como escrever bem. Apesar de ser um livro voltado para escrita em ingl\u00eas, boa parte de suas dicas podem ser aplicadas em outras l\u00ednguas, como portugu\u00eas. Uma dica apresentada \u00e9 dar prefer\u00eancia para palavras simples, frases curtas e objetivas.<\/li>\n\n\n\n<li>O post <a href=\"https:\/\/goo.gl\/s9AeLs\">\u201cThe Six Best Tips From On Writing Well\u201d<\/a> sumariza as principais dicas do livro &#8220;On Writing Well&#8221;.<\/li>\n\n\n\n<li><a href=\"https:\/\/sivers.org\/book\/OnWritingWell\">\u201cAs notas de Derek Sivers\u201d<\/a>, do livro \u201cOn Writing Well\u201d, cont\u00e9m v\u00e1rias dicas para melhorar substancialmente a habilidade de escrita de qualquer pessoa. Tente seguir as dicas para obter resultados cada vez melhores.<\/li>\n<\/ul>\n\n\n\n<p>\ud83d\udd01A terceira sugest\u00e3o \u00e9 <strong>revisar<\/strong> o artigo.<\/p>\n\n\n\n<ul>\n<li>Fa\u00e7a uma revis\u00e3o adequada do conte\u00fado do artigo antes de submeter. Pe\u00e7a para seus co-autores mais experientes em escrita revisar cuidadosamente a vers\u00e3o final. Alternativamente, pe\u00e7a para amigos ou profissionais em revis\u00e3o de texto dar um toque de qualidade ao seu texto.<\/li>\n\n\n\n<li>Trocar a cor da fonte ou o meio (eletr\u00f4nico\/impresso) pode ajudar a recobrar a concentra\u00e7\u00e3o em trechos que j\u00e1 tenham sido revisados m\u00faltiplas vezes anteriormente.<\/li>\n\n\n\n<li>Fa\u00e7a um checklist sobre a formata\u00e7\u00e3o do artigo. Use um corretor ortogr\u00e1fico para evitar erros b\u00e1sicos, como <a href=\"https:\/\/ciberduvidas.iscte-iul.pt\/artigos\/rubricas\/idioma\/a-virgula-em-4-regras-simples\/3191\">uso da v\u00edrgula<\/a>, crase e concord\u00e2ncia nominal. Em seguida, verifique se todos elementos auxiliares, como figuras, tabelas, equa\u00e7\u00f5es, s\u00e3o referenciados no texto e de maneira adequada. Para cada cita\u00e7\u00e3o, verifique: se (i) ela \u00e9 pertinente para trabalho, (ii) se ela \u00e9 coerente com o artigo referenciado e n\u00e3o \u00e9 uma refer\u00eancia indireta, e (iii) aponta para o artigo correto. Verifique se todas as refer\u00eancias seguem mesmo padr\u00e3o, por exemplo, quanto ao grau de detalhes.<\/li>\n\n\n\n<li>Por fim, imprima duas vias do artigo, uma colorida e outra preto e branco, e procure detectar poss\u00edveis problemas de impress\u00e3o.<\/li>\n<\/ul>\n","protected":false},"excerpt":{"rendered":"<p>A seguir s\u00e3o apresentadas sugest\u00f5es endere\u00e7adas aos autores que desejam submeter seus artigos para publica\u00e7\u00e3o e apresenta\u00e7\u00e3o na ERRC\/WRSeg. Cada sugest\u00e3o \u00e9 acompanhada de refer\u00eancias que podem ajudar na sua concretiza\u00e7\u00e3o. \ud83d\udcdd A primeira sugest\u00e3o \u00e9 planejar o que ser\u00e1 escrito antes de come\u00e7ar a escrever. \ud83d\udcda A segunda sugest\u00e3o \u00e9 estudar o processo de &hellip; <\/p>\n","protected":false},"author":1,"featured_media":0,"parent":78,"menu_order":3,"comment_status":"closed","ping_status":"closed","template":"","meta":[],"_links":{"self":[{"href":"https:\/\/www.inf.ufrgs.br\/errc2023\/wp-json\/wp\/v2\/pages\/226"}],"collection":[{"href":"https:\/\/www.inf.ufrgs.br\/errc2023\/wp-json\/wp\/v2\/pages"}],"about":[{"href":"https:\/\/www.inf.ufrgs.br\/errc2023\/wp-json\/wp\/v2\/types\/page"}],"author":[{"embeddable":true,"href":"https:\/\/www.inf.ufrgs.br\/errc2023\/wp-json\/wp\/v2\/users\/1"}],"replies":[{"embeddable":true,"href":"https:\/\/www.inf.ufrgs.br\/errc2023\/wp-json\/wp\/v2\/comments?post=226"}],"version-history":[{"count":2,"href":"https:\/\/www.inf.ufrgs.br\/errc2023\/wp-json\/wp\/v2\/pages\/226\/revisions"}],"predecessor-version":[{"id":232,"href":"https:\/\/www.inf.ufrgs.br\/errc2023\/wp-json\/wp\/v2\/pages\/226\/revisions\/232"}],"up":[{"embeddable":true,"href":"https:\/\/www.inf.ufrgs.br\/errc2023\/wp-json\/wp\/v2\/pages\/78"}],"wp:attachment":[{"href":"https:\/\/www.inf.ufrgs.br\/errc2023\/wp-json\/wp\/v2\/media?parent=226"}],"curies":[{"name":"wp","href":"https:\/\/api.w.org\/{rel}","templated":true}]}}