{"id":7,"date":"2024-05-17T10:34:14","date_gmt":"2024-05-17T10:34:14","guid":{"rendered":"https:\/\/www.inf.ufrgs.br\/inova-me\/?page_id=7"},"modified":"2024-07-24T18:52:11","modified_gmt":"2024-07-24T18:52:11","slug":"sobre","status":"publish","type":"page","link":"https:\/\/www.inf.ufrgs.br\/inova-me\/sobre\/","title":{"rendered":"Sobre"},"content":{"rendered":"\n<p>O INOVA-ME \u00e9 executado pelo Instituto de Inform\u00e1tica da Universidade Federal do Rio Grande do Sul (INF-UFRGS) e prop\u00f5e um programa de capacita\u00e7\u00e3o de t\u00e9cnicos e gestores composto por tr\u00eas etapas: <\/p>\n\n\n\n<ul>\n<li>curso de forma\u00e7\u00e3o (FASE 1) (90 vagas)<\/li>\n\n\n\n<li>experi\u00eancia internacional (FASE 2) (35 vagas)<\/li>\n\n\n\n<li>est\u00e1gio profissional (FASE 3) (11 vagas)<\/li>\n<\/ul>\n\n\n\n<p>O curso de forma\u00e7\u00e3o (FASE 1) tem 6 meses de dura\u00e7\u00e3o \u00e9 presencial no: <em>Instituto de Inform\u00e1tica da UFRGS &#8211; Campus do Vale <\/em><br><em>Av. Bento Gon\u00e7alves 9500, Bloco V, Porto Alegre, RS.<\/em><\/p>\n\n\n\n<p>O aluno matriculado no INOVA-ME ser\u00e1 aluno regular de especializa\u00e7\u00e3o da UFRGS com cart\u00e3o de acesso aos Restaurantes Universit\u00e1rios e bibliotecas da UFRGS.&nbsp;<\/p>\n\n\n\n<p>A sele\u00e7\u00e3o para as fases 2 e fase 3 ser\u00e3o feitas pela coordena\u00e7\u00e3o do curso INOVA-ME e respeitam o calend\u00e1rio acad\u00eamico do curso INOVA-ME. <\/p>\n\n\n\n<p><\/p>\n\n\n\n<p class=\"has-text-align-center\"><strong><mark style=\"background-color:rgba(0, 0, 0, 0)\" class=\"has-inline-color has-custom-color-2-color\">CURSO DE FORMA\u00c7\u00c3O (FASE 1)<\/mark><mark style=\"background-color:rgba(0, 0, 0, 0)\" class=\"has-inline-color has-custom-color-3-color\">&nbsp;<\/mark><\/strong><\/p>\n\n\n\n<p>O curso de forma\u00e7\u00e3o tem dura\u00e7\u00e3o de 6 meses e possui aulas presenciais de segunda \u00e0 sexta-feira durante as manh\u00e3s (8:30h-12:00h) e as tardes (13:30h-17:00h) no INF-UFRGS.<\/p>\n\n\n\n<p class=\"has-text-align-center has-base-2-color has-custom-color-2-background-color has-text-color has-background has-link-color wp-elements-210d9aea3cc32450ccd0492fd6672828\"><strong>TRILHA DE SISTEMAS DIGITAIS<\/strong> (720 horas)<\/p>\n\n\n\n<p class=\"has-medium-font-size\" style=\"margin-top:0;margin-right:0;margin-bottom:0;margin-left:0;padding-top:var(--wp--preset--spacing--10);padding-right:var(--wp--preset--spacing--10);padding-bottom:var(--wp--preset--spacing--10);padding-left:var(--wp--preset--spacing--10)\">A trilha \u00e9 focada na cria\u00e7\u00e3o de projeto de sistemas digitais de m\u00e9dio e grande porte, com \u00eanfase nas etapas do fluxo de projeto digital para tecnologias de fabrica\u00e7\u00e3o modernas, incluindo front-end e back-end. O curso vai do algoritmo ao layout do chip com aulas te\u00f3ricas e pr\u00e1ticas e ferramentas de ponta para proporcionar uma capacita\u00e7\u00e3o de alta qualidade.<br><br>-Introdu\u00e7\u00e3o \u00e0 Microeletr\u00f4nica &#8211; 60 horas<br>-Circuitos digitais &#8211; 150 horas<br>-Arquitetura e organiza\u00e7\u00e3o &#8211; 90 horas<br>-Verifica\u00e7\u00e3o de circuitos digitais &#8211; 60 horas<br>-Fluxo de projeto de circuitos integrados digitais &#8211; 150 horas<br>-Teste de circuitos integrados digitais &#8211; 30 horas<br>-Gest\u00e3o e Empreendedorismo &#8211; 120 horas<br>-Feiras e trabalho pr\u00e1tico &#8211; 60 horas<\/p>\n\n\n\n<p><\/p>\n\n\n\n<p class=\"has-text-align-center has-base-2-color has-custom-color-2-background-color has-text-color has-background has-link-color wp-elements-bc5a72fd5c26e0b32605d64ad6e62127\"><strong>TRILHA DE SISTEMAS ANAL\u00d3GICOS &#8211; AMS (720 horas)<\/strong><\/p>\n\n\n\n<p style=\"padding-top:var(--wp--preset--spacing--10);padding-right:var(--wp--preset--spacing--10);padding-bottom:var(--wp--preset--spacing--10);padding-left:var(--wp--preset--spacing--10)\">O curso tem como objetivo a cria\u00e7\u00e3o de projeto de sistemas eletr\u00f4nicos anal\u00f3gicos e de interfaceamento com sistemas digitais, enfatizando as etapas e os desafios envolvidos no desenvolvimento de projetos anal\u00f3gicos, al\u00e9m de apresentar no\u00e7\u00f5es de teste. Dessa forma, ele oferece os conhecimentos t\u00e9cnicos e a experi\u00eancia pr\u00e1tica com ferramentas modernas para se destacar na \u00e1rea.<br><br>-Introdu\u00e7\u00e3o \u00e0 Microeletr\u00f4nica &#8211; 60 horas<br>-Eletr\u00f4nica Anal\u00f3gica &#8211; 150 horas<br>-Circuitos Anal\u00f3gicos Integrados &#8211; 204 horas<br>-Circuitos de Sinais Mistos &#8211; 126 horas<br>-Gest\u00e3o e Empreendedorismo &#8211; 120 horas<br>-Feiras e trabalho pr\u00e1tico &#8211; 60 horas<\/p>\n\n\n\n<p><\/p>\n\n\n\n<p class=\"has-text-align-center has-base-2-color has-custom-color-2-background-color has-text-color has-background has-link-color wp-elements-559ac9ae096537bac88ee37b27977a1e\"><strong>TRILHA DE SISTEMAS ANAL\u00d3GICOS &#8211; RF (720 horas)<\/strong><\/p>\n\n\n\n<p style=\"padding-top:var(--wp--preset--spacing--10);padding-right:var(--wp--preset--spacing--10);padding-bottom:var(--wp--preset--spacing--10);padding-left:var(--wp--preset--spacing--10)\">O foco da vertente \u00e9 o desenvolvimento de projeto de sistemas eletr\u00f4nicos utilizados em sistemas de comunica\u00e7\u00e3o em radiofrequ\u00eancia integrada. O curso vai abordar as diversas etapas e os desafios inerentes aos projetos de RF em tecnologias modernas, incluindo no\u00e7\u00f5es de teste. Assim, os estudantes ter\u00e3o uma capacita\u00e7\u00e3o de alto n\u00edvel por meio de ferramentas de ponta, conte\u00fado te\u00f3rico e aulas pr\u00e1ticas.<br><br>-Introdu\u00e7\u00e3o \u00e0 Microeletr\u00f4nica &#8211; 60 horas<br>-Eletr\u00f4nica Anal\u00f3gica &#8211; 150 horas<br>-Circuitos Anal\u00f3gicos Integrados &#8211; 204 horas<br>-Circuitos de R\u00e1dio Frequ\u00eancia &#8211; 126 horas<br>-Gest\u00e3o e Empreendedorismo &#8211; 120 horas<br>-Feiras e trabalho pr\u00e1tico &#8211; 60 horas<br><\/p>\n\n\n\n<p class=\"has-text-align-center has-base-color has-custom-color-2-background-color has-text-color has-background has-link-color wp-elements-ae42ad9918592b6b106d1337833b7195\"><strong>Gest\u00e3o e Empreendedorimo<\/strong><\/p>\n\n\n\n<p>-Empreendedorismo, inova\u00e7\u00e3o e ecossistema<br>-Novos neg\u00f3cios em semicondutores: mercado e melhores pr\u00e1ticas<br>-Ferramentas de Desenvolvimento e Laborat\u00f3rio: defini\u00e7\u00e3o das ferramentas\/fornecedores e alinhamento com o modelo de neg\u00f3cios.<br>-Gest\u00e3o do Conhecimento: propriedade intelectual e transfer\u00eancia de tecnologia<br>-Prote\u00e7\u00e3o da Propriedade Intelectual: patentes e modelo de utilidade<br>-ESG e Sustentabilidade.<br>-LGPD, Compliance e \u00c9tica<br>-Gest\u00e3o de Projetos: ciclo de vida, metodologias tradicionais e \u00e1geis.<br>-Compet\u00eancias Socio-emocionais.<br>-Introdu\u00e7\u00e3o a Novos Neg\u00f3cios: negocia\u00e7\u00e3o, planejamento, benchmarking e desenvolvimento do cliente<br>-Cria\u00e7\u00e3o da Proposta de Valor: desenvolvimento do cliente, t\u00e9cnicas de entrevista, dores e ganho, proposi\u00e7\u00e3o e mapa de valor.<br>-Prototipa\u00e7\u00e3o e Experi\u00eancia do Usu\u00e1rio (UX)<br>-Valida\u00e7\u00e3o de Mercado: valida\u00e7\u00e3o e segmenta\u00e7\u00e3o de clientes, tamanho do mercado e modelo de neg\u00f3cios.<br>-Entrega de Valor: produto m\u00ednimo vi\u00e1vel, valora\u00e7\u00e3o tecnol\u00f3gica, precifica\u00e7\u00e3o, estrat\u00e9gia e plano de vendas, monitoramento do retorno sobre o investimento<br>-Capta\u00e7\u00e3o de Recursos: linhas de financiamento p\u00fablico, capta\u00e7\u00e3o de investimentos privados e contratos<br><\/p>\n\n\n\n<p class=\"has-text-align-center has-base-color has-accent-4-background-color has-text-color has-background has-link-color wp-elements-d171a14c7832136e2a841a20a63bd55e\"><strong>Ferramentas de CAD e PDK<\/strong><\/p>\n\n\n\n<p><strong>Cadence<\/strong>: exemplo de ferramentas s\u00e3o Virtuoso, Genus, Innovus, Spectre, Tempus, Voltus.<br><strong>Synopys:<\/strong> exemplo de ferramentas s\u00e3o IC Compiler, Design Compiler, PrimeTime, HSPICE.<br><strong>Siemens<\/strong> <strong>EDA<\/strong>: exemplo de ferramentas s\u00e3o Calibre, ModelSim, LeonardoSpectrum, Eldo. <br><strong>FPGAs<\/strong>: Vivado e Quartus<\/p>\n\n\n\n<p class=\"has-text-align-center\"><strong>PDKs: <\/strong><br><strong>TSMC<\/strong> &#8211; TSMC40: N\u00f3 de 40nm (shrink node) CMOS Bulk. Inclui bibliotecas de standard cells, c\u00e9lulas de I\/O, level shifters e transistores com diferentes n\u00edveis de threshold. Pr\u00f3prio para digital, RF e AMS.<br><strong>ST<\/strong> &#8211; CMOS065: N\u00f3 de 65nm CMOS Bulk. Inclui bibliotecas de standard cells, c\u00e9lulas de I\/O, level shifters e transistores com diferentes n\u00edveis de threshold. Pr\u00f3prio para digital, RF e AMS.<\/p>\n\n\n","protected":false},"excerpt":{"rendered":"<p>O INOVA-ME \u00e9 executado pelo Instituto de Inform\u00e1tica da Universidade Federal do Rio Grande do Sul (INF-UFRGS) e prop\u00f5e um programa de capacita\u00e7\u00e3o de t\u00e9cnicos e gestores composto por tr\u00eas etapas: O curso de forma\u00e7\u00e3o (FASE 1) tem 6 meses de dura\u00e7\u00e3o \u00e9 presencial no: Instituto de Inform\u00e1tica da UFRGS &#8211; Campus do Vale Av. [&hellip;]<\/p>\n","protected":false},"author":1,"featured_media":0,"parent":0,"menu_order":0,"comment_status":"closed","ping_status":"closed","template":"","meta":{"footnotes":""},"_links":{"self":[{"href":"https:\/\/www.inf.ufrgs.br\/inova-me\/wp-json\/wp\/v2\/pages\/7"}],"collection":[{"href":"https:\/\/www.inf.ufrgs.br\/inova-me\/wp-json\/wp\/v2\/pages"}],"about":[{"href":"https:\/\/www.inf.ufrgs.br\/inova-me\/wp-json\/wp\/v2\/types\/page"}],"author":[{"embeddable":true,"href":"https:\/\/www.inf.ufrgs.br\/inova-me\/wp-json\/wp\/v2\/users\/1"}],"replies":[{"embeddable":true,"href":"https:\/\/www.inf.ufrgs.br\/inova-me\/wp-json\/wp\/v2\/comments?post=7"}],"version-history":[{"count":16,"href":"https:\/\/www.inf.ufrgs.br\/inova-me\/wp-json\/wp\/v2\/pages\/7\/revisions"}],"predecessor-version":[{"id":208,"href":"https:\/\/www.inf.ufrgs.br\/inova-me\/wp-json\/wp\/v2\/pages\/7\/revisions\/208"}],"wp:attachment":[{"href":"https:\/\/www.inf.ufrgs.br\/inova-me\/wp-json\/wp\/v2\/media?parent=7"}],"curies":[{"name":"wp","href":"https:\/\/api.w.org\/{rel}","templated":true}]}}

<p>O INOVA-ME é executado pelo Instituto de Informática da Universidade Federal do Rio Grande do Sul (INF-UFRGS) e propõe um programa de capacitação de técnicos e gestores composto por três etapas: </p>



<ul>
<li>curso de formação (FASE 1) (90 vagas)</li>



<li>experiência internacional (FASE 2) (35 vagas)</li>



<li>estágio profissional (FASE 3) (11 vagas)</li>
</ul>



<p>O curso de formação (FASE 1) tem 6 meses de duração é presencial no: <em>Instituto de Informática da UFRGS &#8211; Campus do Vale </em><br><em>Av. Bento Gonçalves 9500, Bloco V, Porto Alegre, RS.</em></p>



<p>O aluno matriculado no INOVA-ME será aluno regular de especialização da UFRGS com cartão de acesso aos Restaurantes Universitários e bibliotecas da UFRGS.&nbsp;</p>



<p>A seleção para as fases 2 e fase 3 serão feitas pela coordenação do curso INOVA-ME e respeitam o calendário acadêmico do curso INOVA-ME. </p>



<p></p>



<p class="has-text-align-center"><strong><mark style="background-color:rgba(0, 0, 0, 0)" class="has-inline-color has-custom-color-2-color">CURSO DE FORMAÇÃO (FASE 1)</mark><mark style="background-color:rgba(0, 0, 0, 0)" class="has-inline-color has-custom-color-3-color">&nbsp;</mark></strong></p>



<p>O curso de formação tem duração de 6 meses e possui aulas presenciais de segunda à sexta-feira durante as manhãs (8:30h-12:00h) e as tardes (13:30h-17:00h) no INF-UFRGS.</p>



<p class="has-text-align-center has-base-2-color has-custom-color-2-background-color has-text-color has-background has-link-color wp-elements-210d9aea3cc32450ccd0492fd6672828"><strong>TRILHA DE SISTEMAS DIGITAIS</strong> (720 horas)</p>



<p class="has-medium-font-size" style="margin-top:0;margin-right:0;margin-bottom:0;margin-left:0;padding-top:var(--wp--preset--spacing--10);padding-right:var(--wp--preset--spacing--10);padding-bottom:var(--wp--preset--spacing--10);padding-left:var(--wp--preset--spacing--10)">A trilha é focada na criação de projeto de sistemas digitais de médio e grande porte, com ênfase nas etapas do fluxo de projeto digital para tecnologias de fabricação modernas, incluindo front-end e back-end. O curso vai do algoritmo ao layout do chip com aulas teóricas e práticas e ferramentas de ponta para proporcionar uma capacitação de alta qualidade.<br><br>-Introdução à Microeletrônica &#8211; 60 horas<br>-Circuitos digitais &#8211; 150 horas<br>-Arquitetura e organização &#8211; 90 horas<br>-Verificação de circuitos digitais &#8211; 60 horas<br>-Fluxo de projeto de circuitos integrados digitais &#8211; 150 horas<br>-Teste de circuitos integrados digitais &#8211; 30 horas<br>-Gestão e Empreendedorismo &#8211; 120 horas<br>-Feiras e trabalho prático &#8211; 60 horas</p>



<p></p>



<p class="has-text-align-center has-base-2-color has-custom-color-2-background-color has-text-color has-background has-link-color wp-elements-bc5a72fd5c26e0b32605d64ad6e62127"><strong>TRILHA DE SISTEMAS ANALÓGICOS &#8211; AMS (720 horas)</strong></p>



<p style="padding-top:var(--wp--preset--spacing--10);padding-right:var(--wp--preset--spacing--10);padding-bottom:var(--wp--preset--spacing--10);padding-left:var(--wp--preset--spacing--10)">O curso tem como objetivo a criação de projeto de sistemas eletrônicos analógicos e de interfaceamento com sistemas digitais, enfatizando as etapas e os desafios envolvidos no desenvolvimento de projetos analógicos, além de apresentar noções de teste. Dessa forma, ele oferece os conhecimentos técnicos e a experiência prática com ferramentas modernas para se destacar na área.<br><br>-Introdução à Microeletrônica &#8211; 60 horas<br>-Eletrônica Analógica &#8211; 150 horas<br>-Circuitos Analógicos Integrados &#8211; 204 horas<br>-Circuitos de Sinais Mistos &#8211; 126 horas<br>-Gestão e Empreendedorismo &#8211; 120 horas<br>-Feiras e trabalho prático &#8211; 60 horas</p>



<p></p>



<p class="has-text-align-center has-base-2-color has-custom-color-2-background-color has-text-color has-background has-link-color wp-elements-559ac9ae096537bac88ee37b27977a1e"><strong>TRILHA DE SISTEMAS ANALÓGICOS &#8211; RF (720 horas)</strong></p>



<p style="padding-top:var(--wp--preset--spacing--10);padding-right:var(--wp--preset--spacing--10);padding-bottom:var(--wp--preset--spacing--10);padding-left:var(--wp--preset--spacing--10)">O foco da vertente é o desenvolvimento de projeto de sistemas eletrônicos utilizados em sistemas de comunicação em radiofrequência integrada. O curso vai abordar as diversas etapas e os desafios inerentes aos projetos de RF em tecnologias modernas, incluindo noções de teste. Assim, os estudantes terão uma capacitação de alto nível por meio de ferramentas de ponta, conteúdo teórico e aulas práticas.<br><br>-Introdução à Microeletrônica &#8211; 60 horas<br>-Eletrônica Analógica &#8211; 150 horas<br>-Circuitos Analógicos Integrados &#8211; 204 horas<br>-Circuitos de Rádio Frequência &#8211; 126 horas<br>-Gestão e Empreendedorismo &#8211; 120 horas<br>-Feiras e trabalho prático &#8211; 60 horas<br></p>



<p class="has-text-align-center has-base-color has-custom-color-2-background-color has-text-color has-background has-link-color wp-elements-ae42ad9918592b6b106d1337833b7195"><strong>Gestão e Empreendedorimo</strong></p>



<p>-Empreendedorismo, inovação e ecossistema<br>-Novos negócios em semicondutores: mercado e melhores práticas<br>-Ferramentas de Desenvolvimento e Laboratório: definição das ferramentas/fornecedores e alinhamento com o modelo de negócios.<br>-Gestão do Conhecimento: propriedade intelectual e transferência de tecnologia<br>-Proteção da Propriedade Intelectual: patentes e modelo de utilidade<br>-ESG e Sustentabilidade.<br>-LGPD, Compliance e Ética<br>-Gestão de Projetos: ciclo de vida, metodologias tradicionais e ágeis.<br>-Competências Socio-emocionais.<br>-Introdução a Novos Negócios: negociação, planejamento, benchmarking e desenvolvimento do cliente<br>-Criação da Proposta de Valor: desenvolvimento do cliente, técnicas de entrevista, dores e ganho, proposição e mapa de valor.<br>-Prototipação e Experiência do Usuário (UX)<br>-Validação de Mercado: validação e segmentação de clientes, tamanho do mercado e modelo de negócios.<br>-Entrega de Valor: produto mínimo viável, valoração tecnológica, precificação, estratégia e plano de vendas, monitoramento do retorno sobre o investimento<br>-Captação de Recursos: linhas de financiamento público, captação de investimentos privados e contratos<br></p>



<p class="has-text-align-center has-base-color has-accent-4-background-color has-text-color has-background has-link-color wp-elements-d171a14c7832136e2a841a20a63bd55e"><strong>Ferramentas de CAD e PDK</strong></p>



<p><strong>Cadence</strong>: exemplo de ferramentas são Virtuoso, Genus, Innovus, Spectre, Tempus, Voltus.<br><strong>Synopys:</strong> exemplo de ferramentas são IC Compiler, Design Compiler, PrimeTime, HSPICE.<br><strong>Siemens</strong> <strong>EDA</strong>: exemplo de ferramentas são Calibre, ModelSim, LeonardoSpectrum, Eldo. <br><strong>FPGAs</strong>: Vivado e Quartus</p>



<p class="has-text-align-center"><strong>PDKs: </strong><br><strong>TSMC</strong> &#8211; TSMC40: Nó de 40nm (shrink node) CMOS Bulk. Inclui bibliotecas de standard cells, células de I/O, level shifters e transistores com diferentes níveis de threshold. Próprio para digital, RF e AMS.<br><strong>ST</strong> &#8211; CMOS065: Nó de 65nm CMOS Bulk. Inclui bibliotecas de standard cells, células de I/O, level shifters e transistores com diferentes níveis de threshold. Próprio para digital, RF e AMS.</p>

<p>O INOVA-ME é executado pelo Instituto de Informática da Universidade Federal do Rio Grande do Sul (INF-UFRGS) e propõe um programa de capacitação de técnicos e gestores composto por três etapas: O curso de formação (FASE 1) tem 6 meses de duração é presencial no: Instituto de Informática da UFRGS &#8211; Campus do Vale Av. [&hellip;]</p>
