{"id":6414,"date":"2024-02-23T10:28:43","date_gmt":"2024-02-23T13:28:43","guid":{"rendered":"https:\/\/www.inf.ufrgs.br\/ppgc\/?page_id=6414"},"modified":"2025-07-07T21:22:40","modified_gmt":"2025-07-08T00:22:40","slug":"selecao-aluno-especial-2023-2","status":"publish","type":"page","link":"https:\/\/www.inf.ufrgs.br\/ppgc\/aluno-especial\/selecao-aluno-especial-2023-2\/","title":{"rendered":"Sele\u00e7\u00e3o 2023\/2"},"content":{"rendered":"<div><\/div>\n<h3 style=\"text-align: center;\">O Per\u00edodo de Inscri\u00e7\u00e3o vai de 13\/09\/2023 a 21\/09\/2023<\/h3>\n<h3><strong>Calend\u00e1rio<\/strong><\/h3>\n<p>As datas de inscri\u00e7\u00f5es de alunos especiais coincidem com as datas para matr\u00edculas de alunos regulares. Para verificar o calend\u00e1rio de inscri\u00e7\u00e3o, acesse o <a href=\"http:\/\/www.inf.ufrgs.br\/ppgc\/index.php\/institucional\/calendario\/\" target=\"_blank\" rel=\"noopener\">calend\u00e1rio atualizado do PPGC<\/a>.<\/p>\n<h3><strong>Regulamenta\u00e7\u00e3o de Ingresso de Aluno Especial<\/strong><\/h3>\n<p>O edital de sele\u00e7\u00e3o para alunos especiais para 2023\/02 pode ser acessado <a href=\"https:\/\/www.inf.ufrgs.br\/ppgc\/wp-content\/uploads\/2023\/08\/Edital-PPGC-005_2023-Aluno-Especial-Segundo-Semestre.docx.pdf\" target=\"_blank\" rel=\"noopener\">aqui<\/a>.<\/p>\n<h3><strong>Procedimentos para a Inscri\u00e7\u00e3o<\/strong><\/h3>\n<p>O processo de inscri\u00e7\u00f5es se d\u00e1 atrav\u00e9s do <a href=\"http:\/\/www.inf.ufrgs.br\/ppgc\/sistema\" target=\"_blank\" rel=\"noopener\">Sistema do PPGC<\/a><\/p>\n<p>Maiores informa\u00e7\u00f5es podem ser obtidas pessoalmente, por e-mail: <a href=\"mailto:ppgc@inf.ufrgs.br\">ppgc@inf.ufrgs.br<\/a> ou por telefone (51) 3308-6161.<\/p>\n","protected":false},"excerpt":{"rendered":"<p>O Per\u00edodo de Inscri\u00e7\u00e3o vai de 13\/09\/2023 a 21\/09\/2023 Calend\u00e1rio As datas de inscri\u00e7\u00f5es de alunos especiais coincidem com as datas para matr\u00edculas de alunos regulares. Para verificar o calend\u00e1rio de inscri\u00e7\u00e3o, acesse o calend\u00e1rio atualizado do PPGC. Regulamenta\u00e7\u00e3o de Ingresso de Aluno Especial O edital de sele\u00e7\u00e3o para alunos especiais para 2023\/02 pode ser [&hellip;]<\/p>\n","protected":false},"author":24,"featured_media":0,"parent":394,"menu_order":4,"comment_status":"closed","ping_status":"closed","template":"","meta":[],"_links":{"self":[{"href":"https:\/\/www.inf.ufrgs.br\/ppgc\/wp-json\/wp\/v2\/pages\/6414"}],"collection":[{"href":"https:\/\/www.inf.ufrgs.br\/ppgc\/wp-json\/wp\/v2\/pages"}],"about":[{"href":"https:\/\/www.inf.ufrgs.br\/ppgc\/wp-json\/wp\/v2\/types\/page"}],"author":[{"embeddable":true,"href":"https:\/\/www.inf.ufrgs.br\/ppgc\/wp-json\/wp\/v2\/users\/24"}],"replies":[{"embeddable":true,"href":"https:\/\/www.inf.ufrgs.br\/ppgc\/wp-json\/wp\/v2\/comments?post=6414"}],"version-history":[{"count":3,"href":"https:\/\/www.inf.ufrgs.br\/ppgc\/wp-json\/wp\/v2\/pages\/6414\/revisions"}],"predecessor-version":[{"id":6418,"href":"https:\/\/www.inf.ufrgs.br\/ppgc\/wp-json\/wp\/v2\/pages\/6414\/revisions\/6418"}],"up":[{"embeddable":true,"href":"https:\/\/www.inf.ufrgs.br\/ppgc\/wp-json\/wp\/v2\/pages\/394"}],"wp:attachment":[{"href":"https:\/\/www.inf.ufrgs.br\/ppgc\/wp-json\/wp\/v2\/media?parent=6414"}],"curies":[{"name":"wp","href":"https:\/\/api.w.org\/{rel}","templated":true}]}}

Seleção 2023/2

<div></div>
<h3 style="text-align: center;">O Período de Inscrição vai de 13/09/2023 a 21/09/2023</h3>
<h3><strong>Calendário</strong></h3>
<p>As datas de inscrições de alunos especiais coincidem com as datas para matrículas de alunos regulares. Para verificar o calendário de inscrição, acesse o <a href="http://www.inf.ufrgs.br/ppgc/index.php/institucional/calendario/" target="_blank" rel="noopener">calendário atualizado do PPGC</a>.</p>
<h3><strong>Regulamentação de Ingresso de Aluno Especial</strong></h3>
<p>O edital de seleção para alunos especiais para 2023/02 pode ser acessado <a href="https://www.inf.ufrgs.br/ppgc/wp-content/uploads/2023/08/Edital-PPGC-005_2023-Aluno-Especial-Segundo-Semestre.docx.pdf" target="_blank" rel="noopener">aqui</a>.</p>
<h3><strong>Procedimentos para a Inscrição</strong></h3>
<p>O processo de inscrições se dá através do <a href="http://www.inf.ufrgs.br/ppgc/sistema" target="_blank" rel="noopener">Sistema do PPGC</a></p>
<p>Maiores informações podem ser obtidas pessoalmente, por e-mail: <a href="mailto:ppgc@inf.ufrgs.br">ppgc@inf.ufrgs.br</a> ou por telefone (51) 3308-6161.</p>

<p>O Período de Inscrição vai de 13/09/2023 a 21/09/2023 Calendário As datas de inscrições de alunos especiais coincidem com as datas para matrículas de alunos regulares. Para verificar o calendário de inscrição, acesse o calendário atualizado do PPGC. Regulamentação de Ingresso de Aluno Especial O edital de seleção para alunos especiais para 2023/02 pode ser [&hellip;]</p>
