{"id":6921,"date":"2024-12-05T17:53:07","date_gmt":"2024-12-05T20:53:07","guid":{"rendered":"https:\/\/www.inf.ufrgs.br\/ppgc\/?page_id=6921"},"modified":"2025-10-08T00:34:55","modified_gmt":"2025-10-08T03:34:55","slug":"selecao-2025-1","status":"publish","type":"page","link":"https:\/\/www.inf.ufrgs.br\/ppgc\/mestrado\/selecao-2025-1\/","title":{"rendered":"Sele\u00e7\u00e3o 2025\/1"},"content":{"rendered":"<h3><strong>24\/02 Resultado de Recursos<\/strong><\/h3>\n<p>Em atendimento aos termos do Edital Sele\u00e7\u00e3o Mestrado Regular \u2013 2025\/1, segue a rela\u00e7\u00e3o de pedidos de recursos ao resultado da sele\u00e7\u00e3o e a situa\u00e7\u00e3o.<\/p>\n<p>Eduardo dos Santos Pereira \u2013 INDEFERIDO<br \/>\nJiamphierre da Silva Domingues \u2013 INDEFERIDO<br \/>\nLaurita Dornelles dos Santos &#8211; INDEFERIDO<br \/>\nRobison Rocha &#8211; INDEFERIDO<\/p>\n<p>Rui Felipe de Oliveira Cardozo &#8211; DEFERIDO<\/p>\n<ul>\n<li>Candidato: Rui Felipe de Oliveira Cardozo<\/li>\n<li>Linha de pesquisa: Aprendizado de M\u00e1quina, Representa\u00e7\u00e3o de Conhecimento e Racioc\u00ednio<\/li>\n<li>Orientador: Anderson Rocha Tavares<\/li>\n<\/ul>\n<p>Ulil\u00e9 Indeque &#8211; DEFERIDO<\/p>\n<ul>\n<li>Candidato: Ulil\u00e9 Indeque<\/li>\n<li>Linha de pesquisa: Processamento de Imagens, Vis\u00e3o Computacional e Reconhecimento de Padr\u00f5es<\/li>\n<li>Orientador: Mariana Luderitz Kolberg Fernandes<\/li>\n<\/ul>\n<h3><strong>18\/02 Divulga\u00e7\u00e3o dos Candidatos(as) Selecionados(as)<\/strong><\/h3>\n<p>A <a href=\"http:\/\/www.inf.ufrgs.br\/ppgc\/wp-content\/uploads\/2025\/02\/mestrado-2025-1-selecionados-1.pdf\">rela\u00e7\u00e3o de candidatos(as) selecionados est\u00e1 dispon\u00edvel neste link<\/a>. Cada candidato(a) tamb\u00e9m pode visualizar a sua situa\u00e7\u00e3o de sele\u00e7\u00e3o no Sistema de Inscri\u00e7\u00f5es. Aten\u00e7\u00e3o para o prazo para recursos e a data limite para confirma\u00e7\u00e3o dos selecionados conforme cronograma do edital de sele\u00e7\u00e3o.<\/p>\n<h3><strong>07\/02 Resultado dos Recursos e Inscri\u00e7\u00f5es Homologadas<\/strong><\/h3>\n<p>Em atendimento aos termos do Edital Sele\u00e7\u00e3o Mestrado Regular \u2013 2025\/1, segue a tabela com o resultado dos recursos e a rela\u00e7\u00e3o das inscri\u00e7\u00f5es homologadas.<\/p>\n<ul>\n<li><a href=\"http:\/\/www.inf.ufrgs.br\/ppgc\/wp-content\/uploads\/2025\/02\/Selecao-Mestrado-PPGC-2025_1-Resultado-dos-Recursos.pdf\">Clique aqui para visualizar a tabela com o resultado dos recursos.<\/a><\/li>\n<li><a href=\"http:\/\/www.inf.ufrgs.br\/ppgc\/wp-content\/uploads\/2025\/02\/mestrado-2025-1-inscricoes-20250702.pdf\">Rela\u00e7\u00e3o final de inscri\u00e7\u00f5es homologadas no Edital Sele\u00e7\u00e3o Mestrado 2025\/1.<\/a><\/li>\n<\/ul>\n<h3><strong>04\/02 Rela\u00e7\u00e3o de Inscri\u00e7\u00f5es Recebidas e Situa\u00e7\u00e3o<\/strong><\/h3>\n<p>Em atendimento aos termos do Edital Sele\u00e7\u00e3o Mestrado Regular \u2013 2025\/1, segue a rela\u00e7\u00e3o de inscri\u00e7\u00f5es e a situa\u00e7\u00e3o. Os candidatos com inscri\u00e7\u00f5es n\u00e3o homologadas tem prazo de dois dias \u00fateis para entrar com recurso.<\/p>\n<ul>\n<li><a href=\"http:\/\/www.inf.ufrgs.br\/ppgc\/wp-content\/uploads\/2025\/02\/mestrado-2025-1-inscricoes.pdf\">Clique aqui para visualizar a rela\u00e7\u00e3o de inscri\u00e7\u00f5es no Edital Sele\u00e7\u00e3o Mestrado 2025\/1.<\/a><\/li>\n<\/ul>\n<h3><strong>Edital Sele\u00e7\u00e3o Mestrado Regular &#8211; 2025\/1<\/strong><\/h3>\n<p>O Edital para as inscri\u00e7\u00f5es ao Mestrado (com ingresso em 2025\/1) est\u00e1 dispon\u00edvel. O per\u00edodo de inscri\u00e7\u00f5es vai de 6 a 31 de janeiro de 2025. Para mais informa\u00e7\u00f5es e para instru\u00e7\u00f5es sobre a inscri\u00e7\u00e3o, <a href=\"http:\/\/www.inf.ufrgs.br\/ppgc\/wp-content\/uploads\/2024\/12\/Edital-PPGC-007_2024-Mestrado-Primeiro-Semestre-2025.docx.pdf\">clique aqui.<\/a><\/p>\n<p>As inscri\u00e7\u00f5es s\u00e3o feitas somente atrav\u00e9s do <a href=\"https:\/\/www.inf.ufrgs.br\/ppgc\/applying\">Sistema de Inscri\u00e7\u00f5es do PPGC<\/a>.<\/p>\n<p>Visite nossa <a href=\"https:\/\/www.inf.ufrgs.br\/ppgc\/mestrado\/faq-selecao-msc\/\">P\u00e1gina de Perguntas Frequentes<\/a> para tirar suas d\u00favidas sobre o processo de aplica\u00e7\u00e3o (<a href=\"https:\/\/www.inf.ufrgs.br\/ppgc\/mestrado\/faq-selecao-msc\/\">https:\/\/www.inf.ufrgs.br\/ppgc\/mestrado\/faq-selecao-msc\/<\/a>).<\/p>\n<p>Caso a d\u00favida persista, favor entrar em contato atrav\u00e9s do email <a href=\"mailto:ppgc@inf.ufrgs.br\">ppgc@inf.ufrgs.br<\/a>.<\/p>\n","protected":false},"excerpt":{"rendered":"<p>24\/02 Resultado de Recursos Em atendimento aos termos do Edital Sele\u00e7\u00e3o Mestrado Regular \u2013 2025\/1, segue a rela\u00e7\u00e3o de pedidos de recursos ao resultado da sele\u00e7\u00e3o e a situa\u00e7\u00e3o. Eduardo dos Santos Pereira \u2013 INDEFERIDO Jiamphierre da Silva Domingues \u2013 INDEFERIDO Laurita Dornelles dos Santos &#8211; INDEFERIDO Robison Rocha &#8211; INDEFERIDO Rui Felipe de Oliveira [&hellip;]<\/p>\n","protected":false},"author":24,"featured_media":0,"parent":387,"menu_order":19,"comment_status":"closed","ping_status":"closed","template":"","meta":[],"_links":{"self":[{"href":"https:\/\/www.inf.ufrgs.br\/ppgc\/wp-json\/wp\/v2\/pages\/6921"}],"collection":[{"href":"https:\/\/www.inf.ufrgs.br\/ppgc\/wp-json\/wp\/v2\/pages"}],"about":[{"href":"https:\/\/www.inf.ufrgs.br\/ppgc\/wp-json\/wp\/v2\/types\/page"}],"author":[{"embeddable":true,"href":"https:\/\/www.inf.ufrgs.br\/ppgc\/wp-json\/wp\/v2\/users\/24"}],"replies":[{"embeddable":true,"href":"https:\/\/www.inf.ufrgs.br\/ppgc\/wp-json\/wp\/v2\/comments?post=6921"}],"version-history":[{"count":9,"href":"https:\/\/www.inf.ufrgs.br\/ppgc\/wp-json\/wp\/v2\/pages\/6921\/revisions"}],"predecessor-version":[{"id":7021,"href":"https:\/\/www.inf.ufrgs.br\/ppgc\/wp-json\/wp\/v2\/pages\/6921\/revisions\/7021"}],"up":[{"embeddable":true,"href":"https:\/\/www.inf.ufrgs.br\/ppgc\/wp-json\/wp\/v2\/pages\/387"}],"wp:attachment":[{"href":"https:\/\/www.inf.ufrgs.br\/ppgc\/wp-json\/wp\/v2\/media?parent=6921"}],"curies":[{"name":"wp","href":"https:\/\/api.w.org\/{rel}","templated":true}]}}