{"id":7093,"date":"2025-04-23T14:03:13","date_gmt":"2025-04-23T17:03:13","guid":{"rendered":"https:\/\/www.inf.ufrgs.br\/ppgc\/?page_id=7093"},"modified":"2025-04-23T14:03:13","modified_gmt":"2025-04-23T17:03:13","slug":"poatek-experience-2023","status":"publish","type":"page","link":"https:\/\/www.inf.ufrgs.br\/ppgc\/poatek-experience-2023\/","title":{"rendered":"Poatek Experience 2023"},"content":{"rendered":"<h3 class=\"\" data-start=\"193\" data-end=\"256\">Est\u00e1gio para Alunos de P\u00f3s-Gradua\u00e7\u00e3o em Computa\u00e7\u00e3o da UFRGS<\/h3>\n<p class=\"\" data-start=\"258\" data-end=\"535\">O <strong data-start=\"260\" data-end=\"281\">Poatek Experience<\/strong> \u00e9 um programa de est\u00e1gio especialmente desenvolvido para alunos de <strong data-start=\"349\" data-end=\"373\">mestrado e doutorado<\/strong> do Programa de P\u00f3s-Gradua\u00e7\u00e3o em Computa\u00e7\u00e3o (PPGC) da <strong data-start=\"427\" data-end=\"436\">UFRGS<\/strong>, com o objetivo de <strong data-start=\"456\" data-end=\"491\">integrar a Academia e o mercado<\/strong> na solu\u00e7\u00e3o de problemas reais da sociedade.<\/p>\n<p class=\"\" data-start=\"537\" data-end=\"756\">Durante <strong data-start=\"545\" data-end=\"559\">14 semanas<\/strong>, at\u00e9 <strong data-start=\"565\" data-end=\"590\">3 alunos selecionados<\/strong> ter\u00e3o a oportunidade de atuar junto \u00e0 equipe da <strong data-start=\"639\" data-end=\"649\">Poatek<\/strong>, desenvolvendo habilidades t\u00e9cnicas e comportamentais em um ambiente profissional din\u00e2mico e colaborativo.<\/p>\n<h3 class=\"\" data-start=\"758\" data-end=\"782\">Detalhes do Programa<\/h3>\n<ul data-start=\"784\" data-end=\"1036\">\n<li class=\"\" data-start=\"784\" data-end=\"811\">\n<p class=\"\" data-start=\"786\" data-end=\"811\"><strong data-start=\"786\" data-end=\"798\">Dura\u00e7\u00e3o:<\/strong> 14 semanas<\/p>\n<\/li>\n<li class=\"\" data-start=\"812\" data-end=\"852\">\n<p class=\"\" data-start=\"814\" data-end=\"852\"><strong data-start=\"814\" data-end=\"832\">Carga hor\u00e1ria:<\/strong> 20 horas semanais<\/p>\n<\/li>\n<li class=\"\" data-start=\"853\" data-end=\"895\">\n<p class=\"\" data-start=\"855\" data-end=\"895\"><strong data-start=\"855\" data-end=\"873\">Bolsa aux\u00edlio:<\/strong> R$ 3.100,00 por m\u00eas<\/p>\n<\/li>\n<li class=\"\" data-start=\"896\" data-end=\"930\">\n<p class=\"\" data-start=\"898\" data-end=\"930\"><strong data-start=\"898\" data-end=\"918\">Vale transporte:<\/strong> R$ 200,00<\/p>\n<\/li>\n<li class=\"\" data-start=\"931\" data-end=\"1036\">\n<p class=\"\" data-start=\"933\" data-end=\"1036\"><strong data-start=\"933\" data-end=\"951\">Elegibilidade:<\/strong> Alunos bolsistas do PPGC tamb\u00e9m podem receber a bolsa como complementa\u00e7\u00e3o financeira<\/p>\n<\/li>\n<\/ul>\n<p class=\"\" data-start=\"1038\" data-end=\"1187\">&#x1f4cd; <strong data-start=\"1041\" data-end=\"1065\">Evento de Lan\u00e7amento<\/strong><br data-start=\"1065\" data-end=\"1068\" \/>A Poatek estar\u00e1 no Instituto de Inform\u00e1tica da UFRGS para apresentar o programa e conversar com os alunos interessados:<\/p>\n<ul data-start=\"1189\" data-end=\"1305\">\n<li class=\"\" data-start=\"1189\" data-end=\"1214\">\n<p class=\"\" data-start=\"1191\" data-end=\"1214\"><strong data-start=\"1191\" data-end=\"1200\">Data:<\/strong> 14 de mar\u00e7o<\/p>\n<\/li>\n<li class=\"\" data-start=\"1215\" data-end=\"1240\">\n<p class=\"\" data-start=\"1217\" data-end=\"1240\"><strong data-start=\"1217\" data-end=\"1229\">Hor\u00e1rio:<\/strong> 12h30min<\/p>\n<\/li>\n<li class=\"\" data-start=\"1241\" data-end=\"1305\">\n<p class=\"\" data-start=\"1243\" data-end=\"1305\"><strong data-start=\"1243\" data-end=\"1253\">Local:<\/strong> Audit\u00f3rio Prof. Castilho \u2013 Pr\u00e9dio 43424 \u2013 INF\/UFRGS<\/p>\n<\/li>\n<\/ul>\n<p class=\"\" data-start=\"1307\" data-end=\"1440\">Para confirmar sua presen\u00e7a no evento, preencha o formul\u00e1rio:<br data-start=\"1368\" data-end=\"1371\" \/>&#x1f449; <a class=\"\" href=\"https:\/\/forms.office.com\/r\/uxJtKx41nu\" target=\"_new\" rel=\"noopener\" data-start=\"1374\" data-end=\"1440\">Formul\u00e1rio de Confirma\u00e7\u00e3o<\/a><\/p>\n<h3 class=\"\" data-start=\"1442\" data-end=\"1456\">Saiba mais<\/h3>\n<p class=\"\" data-start=\"1458\" data-end=\"1665\">Mais informa\u00e7\u00f5es sobre o programa, prazos, requisitos e \u00e1reas de atua\u00e7\u00e3o est\u00e3o dispon\u00edveis no site oficial:<br data-start=\"1565\" data-end=\"1568\" \/>&#x1f517; <a class=\"\" href=\"https:\/\/poatek.com\/academy\/poatek-experience\/\" target=\"_new\" rel=\"noopener\" data-start=\"1571\" data-end=\"1665\">https:\/\/poatek.com\/academy\/poatek-experience\/<\/a><\/p>\n<h3 class=\"\" data-start=\"1667\" data-end=\"1678\">Contato<\/h3>\n<p class=\"\" data-start=\"1680\" data-end=\"1772\">D\u00favidas e informa\u00e7\u00f5es adicionais podem ser encaminhadas para:<br data-start=\"1741\" data-end=\"1744\" \/>&#x1f4e9; <strong data-start=\"1747\" data-end=\"1772\"><a rel=\"noopener\" data-start=\"1749\" data-end=\"1770\">experience@poatek.com<\/a><\/strong><\/p>\n","protected":false},"excerpt":{"rendered":"<p>Est\u00e1gio para Alunos de P\u00f3s-Gradua\u00e7\u00e3o em Computa\u00e7\u00e3o da UFRGS O Poatek Experience \u00e9 um programa de est\u00e1gio especialmente desenvolvido para alunos de mestrado e doutorado do Programa de P\u00f3s-Gradua\u00e7\u00e3o em Computa\u00e7\u00e3o (PPGC) da UFRGS, com o objetivo de integrar a Academia e o mercado na solu\u00e7\u00e3o de problemas reais da sociedade. Durante 14 semanas, at\u00e9 [&hellip;]<\/p>\n","protected":false},"author":24,"featured_media":0,"parent":0,"menu_order":0,"comment_status":"closed","ping_status":"closed","template":"","meta":[],"_links":{"self":[{"href":"https:\/\/www.inf.ufrgs.br\/ppgc\/wp-json\/wp\/v2\/pages\/7093"}],"collection":[{"href":"https:\/\/www.inf.ufrgs.br\/ppgc\/wp-json\/wp\/v2\/pages"}],"about":[{"href":"https:\/\/www.inf.ufrgs.br\/ppgc\/wp-json\/wp\/v2\/types\/page"}],"author":[{"embeddable":true,"href":"https:\/\/www.inf.ufrgs.br\/ppgc\/wp-json\/wp\/v2\/users\/24"}],"replies":[{"embeddable":true,"href":"https:\/\/www.inf.ufrgs.br\/ppgc\/wp-json\/wp\/v2\/comments?post=7093"}],"version-history":[{"count":1,"href":"https:\/\/www.inf.ufrgs.br\/ppgc\/wp-json\/wp\/v2\/pages\/7093\/revisions"}],"predecessor-version":[{"id":7094,"href":"https:\/\/www.inf.ufrgs.br\/ppgc\/wp-json\/wp\/v2\/pages\/7093\/revisions\/7094"}],"wp:attachment":[{"href":"https:\/\/www.inf.ufrgs.br\/ppgc\/wp-json\/wp\/v2\/media?parent=7093"}],"curies":[{"name":"wp","href":"https:\/\/api.w.org\/{rel}","templated":true}]}}