{"id":7281,"date":"2025-07-21T00:47:56","date_gmt":"2025-07-21T03:47:56","guid":{"rendered":"https:\/\/www.inf.ufrgs.br\/ppgc\/?page_id=7281"},"modified":"2026-02-24T11:45:30","modified_gmt":"2026-02-24T14:45:30","slug":"edital-de-bolsas-2025-2-2","status":"publish","type":"page","link":"https:\/\/www.inf.ufrgs.br\/ppgc\/bolsas-de-estudo\/edital-de-bolsas-2025-2-2\/","title":{"rendered":"Edital 014_2025 &#8211; M"},"content":{"rendered":"<h3>24-Fev Aviso sobre Disponibilidade de Bolsas e Notifica\u00e7\u00e3o aos Contemplados<\/h3>\n<p>O Programa de P\u00f3s-Gradua\u00e7\u00e3o em Computa\u00e7\u00e3o da Universidade Federal do Rio Grande do Sul (PPGC), de acordo com sua legisla\u00e7\u00e3o vigente, informa que a implementa\u00e7\u00e3o das bolsas ocorre de acordo com a disponibilidade de cotas no Programa. Havendo disponibilidade, os candidatos ser\u00e3o comunicados por e-mail pela Secretaria, respeitando a ordem de classifica\u00e7\u00e3o e o prazo de validade da vig\u00eancia do edital.<\/p>\n<h3>10-Novembro Divulga\u00e7\u00e3o da Classifica\u00e7\u00e3o Geral de Candidatos<\/h3>\n<p>O Programa de P\u00f3s-Gradua\u00e7\u00e3o em Computa\u00e7\u00e3o da Universidade Federal do Rio Grande do Sul (PPGC), de acordo com sua legisla\u00e7\u00e3o vigente, e por delibera\u00e7\u00e3o de sua Comiss\u00e3o de P\u00f3s-Gradua\u00e7\u00e3o, torna p\u00fablica aclassifica\u00e7\u00e3o geral dos candidatos:<\/p>\n<ul>\n<li><a href=\"http:\/\/www.inf.ufrgs.br\/ppgc\/wp-content\/uploads\/2025\/11\/RESULTADO-PPGC-014_2025-Edital-de-Bolsas-de-Mestrado.pdf\">Classifica\u00e7\u00e3o Geral<\/a><\/li>\n<\/ul>\n<p>A concess\u00e3o efetiva das bolsas depender\u00e1 da disponibilidade e seguir\u00e1 a ordem de classifica\u00e7\u00e3o. Os alunos contemplados ser\u00e3o devidamente notificados.<\/p>\n<h3>3-Novembro Divulga\u00e7\u00e3o do Edital de Processo Seletivo de Bolsas de Estudo de Mestrado<\/h3>\n<p>O Programa de P\u00f3s-Gradua\u00e7\u00e3o em Computa\u00e7\u00e3o da Universidade Federal do Rio Grande do Sul (PPGC), de acordo com sua legisla\u00e7\u00e3o vigente, e por delibera\u00e7\u00e3o de sua Comiss\u00e3o de P\u00f3s-Gradua\u00e7\u00e3o, torna p\u00fablica a abertura de inscri\u00e7\u00f5es para a sele\u00e7\u00e3o de estudantes matriculados\/as visando ao preenchimento de vagas de bolsas de Mestrado. O presente edital contempla tanto ingressantes via reserva de vagas (A\u00e7\u00f5es Afirmativas) quanto via ampla concorr\u00eancia.<\/p>\n<ul>\n<li><a href=\"http:\/\/www.inf.ufrgs.br\/ppgc\/wp-content\/uploads\/2025\/11\/Edital-PPGC-014_2025-Edital-de-Bolsas-de-Mestrado.pdf\">Edital PPGC No 014\/2025 \u2013 Processo Seletivo de Bolsas de Estudo de Mestrado<\/a><\/li>\n<li><a href=\"http:\/\/www.inf.ufrgs.br\/ppgc\/wp-content\/uploads\/2025\/11\/ANEXO-A-Edital-PPGC-014_2025-Edital-de-Bolsas-de-Mestrado.docx\">ANEXO A Edital PPGC 014_2025 &#8211; Edital de Bolsas de Mestrado<\/a><\/li>\n<\/ul>\n","protected":false},"excerpt":{"rendered":"<p>24-Fev Aviso sobre Disponibilidade de Bolsas e Notifica\u00e7\u00e3o aos Contemplados O Programa de P\u00f3s-Gradua\u00e7\u00e3o em Computa\u00e7\u00e3o da Universidade Federal do Rio Grande do Sul (PPGC), de acordo com sua legisla\u00e7\u00e3o vigente, informa que a implementa\u00e7\u00e3o das bolsas ocorre de acordo com a disponibilidade de cotas no Programa. Havendo disponibilidade, os candidatos ser\u00e3o comunicados por e-mail [&hellip;]<\/p>\n","protected":false},"author":24,"featured_media":0,"parent":7643,"menu_order":2,"comment_status":"closed","ping_status":"closed","template":"","meta":[],"_links":{"self":[{"href":"https:\/\/www.inf.ufrgs.br\/ppgc\/wp-json\/wp\/v2\/pages\/7281"}],"collection":[{"href":"https:\/\/www.inf.ufrgs.br\/ppgc\/wp-json\/wp\/v2\/pages"}],"about":[{"href":"https:\/\/www.inf.ufrgs.br\/ppgc\/wp-json\/wp\/v2\/types\/page"}],"author":[{"embeddable":true,"href":"https:\/\/www.inf.ufrgs.br\/ppgc\/wp-json\/wp\/v2\/users\/24"}],"replies":[{"embeddable":true,"href":"https:\/\/www.inf.ufrgs.br\/ppgc\/wp-json\/wp\/v2\/comments?post=7281"}],"version-history":[{"count":10,"href":"https:\/\/www.inf.ufrgs.br\/ppgc\/wp-json\/wp\/v2\/pages\/7281\/revisions"}],"predecessor-version":[{"id":7741,"href":"https:\/\/www.inf.ufrgs.br\/ppgc\/wp-json\/wp\/v2\/pages\/7281\/revisions\/7741"}],"up":[{"embeddable":true,"href":"https:\/\/www.inf.ufrgs.br\/ppgc\/wp-json\/wp\/v2\/pages\/7643"}],"wp:attachment":[{"href":"https:\/\/www.inf.ufrgs.br\/ppgc\/wp-json\/wp\/v2\/media?parent=7281"}],"curies":[{"name":"wp","href":"https:\/\/api.w.org\/{rel}","templated":true}]}}