{"id":73,"date":"2015-12-18T14:12:51","date_gmt":"2015-12-18T16:12:51","guid":{"rendered":"http:\/\/www.inf.ufrgs.br\/ppgc_wp\/?page_id=73"},"modified":"2026-02-27T16:46:24","modified_gmt":"2026-02-27T19:46:24","slug":"calendario","status":"publish","type":"page","link":"https:\/\/www.inf.ufrgs.br\/ppgc\/institucional\/calendario\/","title":{"rendered":"Calend\u00e1rio"},"content":{"rendered":"<div id=\"calendario2024\">\n<p style=\"text-align: right;\">\n<\/div>\n<h2 style=\"text-align: center;\"><strong>CALEND\u00c1RIO PPGC 2026<\/strong><\/h2>\n<h3 style=\"text-align: center;\"><span dir=\"ltr\" role=\"presentation\">PER\u00cdODO LETIVO 2026\/1<\/span><\/h3>\n<table class=\"table-border-1px-gray\" style=\"width: 864px;\">\n<tbody>\n<tr style=\"height: 96px;\">\n<td style=\"height: 96px; text-align: left; width: 136.297px;\">07\/02\/2026 a 18\/02\/2026 &#8211; at\u00e9 \u00e0s 20h<\/td>\n<td style=\"height: 96px; text-align: left; width: 709.703px;\">Matr\u00edcula online pelo Portal do Aluno para alunos regulares do PPGC e alunos de outros programas de p\u00f3s-gradua\u00e7\u00e3o da UFRGS<\/td>\n<\/tr>\n<tr style=\"height: 24px;\">\n<td style=\"height: 24px; text-align: left; width: 136.297px;\">02\/03\/2026<\/td>\n<td style=\"height: 24px; text-align: left; width: 709.703px;\">In\u00edcio das Aulas do Per\u00edodo Letivo 2026\/1<\/td>\n<\/tr>\n<tr style=\"height: 48px;\">\n<td style=\"height: 48px; text-align: left; width: 136.297px;\">06\/03\/2026<\/td>\n<td style=\"height: 48px; text-align: left; width: 709.703px;\">Recep\u00e7\u00e3o aos novos alunos do PPGC<\/td>\n<\/tr>\n<tr style=\"height: 72px;\">\n<td style=\"height: 72px; text-align: left; width: 136.297px;\">17\/03\/2026<\/td>\n<td style=\"height: 72px; text-align: left; width: 709.703px;\">Data limite para:<em> (i)<\/em> submiss\u00e3o online dos Planos de Curso para novos alunos de mestrado; <em>(ii)<\/em> submiss\u00e3o da Proposta de Atividade Did\u00e1tica (para bolsistas), no Portal do Aluno\/UFRGS<\/td>\n<\/tr>\n<tr style=\"height: 24.8667px;\">\n<td style=\"height: 24.8667px; text-align: left; width: 136.297px;\">02\/04\/2026<\/td>\n<td style=\"height: 24.8667px; text-align: left; width: 709.703px;\">Data limite para pedidos de cancelamento de matr\u00edcula<\/td>\n<\/tr>\n<tr style=\"height: 24.8667px;\">\n<td style=\"height: 24.8667px; text-align: left; width: 136.297px;\">26\/06\/2026<\/td>\n<td style=\"height: 24.8667px; text-align: left; width: 709.703px;\">Reuni\u00e3o do Conselho do PPGC.<\/td>\n<\/tr>\n<tr style=\"height: 24px;\">\n<td style=\"height: 24px; text-align: left; width: 136.297px;\">10\/07\/2026<\/td>\n<td style=\"height: 24px; text-align: left; width: 709.703px;\">Exame de Qualifica\u00e7\u00e3o em Abrang\u00eancia 2026\/1<\/td>\n<\/tr>\n<tr style=\"height: 48px;\">\n<td style=\"height: 48px; text-align: left; width: 136.297px;\">13\/07\/2026<\/td>\n<td style=\"height: 48px; text-align: left; width: 709.703px;\">T\u00e9rmino das Atividades do Per\u00edodo Letivo 2026\/1<\/td>\n<\/tr>\n<tr style=\"height: 96px;\">\n<td style=\"height: 96px; width: 136.297px;\">15\/07\/2026 &#8211; <i>at\u00e9 \u00e0s 20h<\/i><\/td>\n<td style=\"height: 96px; width: 709.703px;\">Data limite para apropria\u00e7\u00e3o dos conceitos pela internet.<\/td>\n<\/tr>\n<\/tbody>\n<\/table>\n<h3 style=\"text-align: center;\"><span dir=\"ltr\" role=\"presentation\">PER\u00cdODO LETIVO 2026\/2<\/span><\/h3>\n<p>&nbsp;<\/p>\n<table class=\"table-border-1px-gray\" style=\"width: 865.375px;\">\n<tbody>\n<tr style=\"height: 47px;\">\n<td style=\"text-align: left; height: 47px; width: 203px;\">16\/07\/2026 a 23\/07\/2026 &#8211; at\u00e9 \u00e0s 20h<\/td>\n<td style=\"text-align: left; height: 47px; width: 645.375px;\">Matr\u00edcula online pelo Portal do Aluno para alunos regulares do PPGC e alunos de outros programas de p\u00f3s-gradua\u00e7\u00e3o da UFRGS;<\/td>\n<\/tr>\n<tr style=\"height: 23px;\">\n<td style=\"text-align: left; height: 23px; width: 203px;\">03\/08\/2026<\/td>\n<td style=\"text-align: left; height: 23px; width: 645.375px;\">In\u00edcio das Aulas do Per\u00edodo Letivo 2026\/2.<\/td>\n<\/tr>\n<tr style=\"height: 23px;\">\n<td style=\"text-align: left; height: 23px; width: 203px;\">07\/08\/2025<\/td>\n<td style=\"text-align: left; height: 23px; width: 645.375px;\">Recep\u00e7\u00e3o aos novos alunos do PPGC<\/td>\n<\/tr>\n<tr style=\"height: 47px;\">\n<td style=\"text-align: left; height: 47px; width: 203px;\">18\/08\/2026<\/td>\n<td style=\"text-align: left; height: 47px; width: 645.375px;\">Data limite para:<em> (i)<\/em> submiss\u00e3o online dos Planos de Curso para novos alunos de mestrado; <em>(ii)<\/em> submiss\u00e3o da Proposta de Atividade Did\u00e1tica (para bolsistas), no Portal do Aluno\/UFRGS<\/td>\n<\/tr>\n<tr style=\"height: 47px;\">\n<td style=\"text-align: left; height: 47px; width: 203px;\">03\/09\/2026<\/td>\n<td style=\"text-align: left; height: 47px; width: 645.375px;\">Data limite para entrega dos pedidos de cancelamento de matr\u00edcula.<\/td>\n<\/tr>\n<tr style=\"height: 47px;\">\n<td style=\"text-align: left; height: 47px; width: 203px;\">04\/12\/2026<\/td>\n<td style=\"text-align: left; height: 47px; width: 645.375px;\">Reuni\u00e3o do Conselho do PPGC.<\/td>\n<\/tr>\n<tr style=\"height: 23.7755px;\">\n<td style=\"text-align: left; height: 23.7755px; width: 203px;\">11\/12\/2026<\/td>\n<td style=\"text-align: left; height: 23.7755px; width: 645.375px;\">Exame de Qualifica\u00e7\u00e3o em Abrang\u00eancia 2026\/2.<\/td>\n<\/tr>\n<tr style=\"height: 23px;\">\n<td style=\"text-align: left; height: 23px; width: 203px;\">18\/12\/2026<\/td>\n<td style=\"text-align: left; height: 23px; width: 645.375px;\">T\u00e9rmino das Atividades do Per\u00edodo Letivo 2026\/2.<\/td>\n<\/tr>\n<tr style=\"height: 47px;\">\n<td style=\"text-align: left; height: 47px; width: 203px;\">20\/12\/2026 &#8211; <em>at\u00e9 \u00e0s 20h<\/em><\/td>\n<td style=\"text-align: left; height: 47px; width: 645.375px;\">Data limite para apropria\u00e7\u00e3o dos conceitos pela internet.<\/td>\n<\/tr>\n<\/tbody>\n<\/table>\n<p><a href=\"http:\/\/www.inf.ufrgs.br\/ppgc\/wp-content\/uploads\/2026\/02\/Calendario_2026-PPGC.pdf\">Calend\u00e1rio PPGC 2026 em PDF<\/a><\/p>\n","protected":false},"excerpt":{"rendered":"<p>CALEND\u00c1RIO PPGC 2026 PER\u00cdODO LETIVO 2026\/1 07\/02\/2026 a 18\/02\/2026 &#8211; at\u00e9 \u00e0s 20h Matr\u00edcula online pelo Portal do Aluno para alunos regulares do PPGC e alunos de outros programas de p\u00f3s-gradua\u00e7\u00e3o da UFRGS 02\/03\/2026 In\u00edcio das Aulas do Per\u00edodo Letivo 2026\/1 06\/03\/2026 Recep\u00e7\u00e3o aos novos alunos do PPGC 17\/03\/2026 Data limite para: (i) submiss\u00e3o online [&hellip;]<\/p>\n","protected":false},"author":1,"featured_media":0,"parent":47,"menu_order":0,"comment_status":"closed","ping_status":"closed","template":"","meta":[],"_links":{"self":[{"href":"https:\/\/www.inf.ufrgs.br\/ppgc\/wp-json\/wp\/v2\/pages\/73"}],"collection":[{"href":"https:\/\/www.inf.ufrgs.br\/ppgc\/wp-json\/wp\/v2\/pages"}],"about":[{"href":"https:\/\/www.inf.ufrgs.br\/ppgc\/wp-json\/wp\/v2\/types\/page"}],"author":[{"embeddable":true,"href":"https:\/\/www.inf.ufrgs.br\/ppgc\/wp-json\/wp\/v2\/users\/1"}],"replies":[{"embeddable":true,"href":"https:\/\/www.inf.ufrgs.br\/ppgc\/wp-json\/wp\/v2\/comments?post=73"}],"version-history":[{"count":83,"href":"https:\/\/www.inf.ufrgs.br\/ppgc\/wp-json\/wp\/v2\/pages\/73\/revisions"}],"predecessor-version":[{"id":7748,"href":"https:\/\/www.inf.ufrgs.br\/ppgc\/wp-json\/wp\/v2\/pages\/73\/revisions\/7748"}],"up":[{"embeddable":true,"href":"https:\/\/www.inf.ufrgs.br\/ppgc\/wp-json\/wp\/v2\/pages\/47"}],"wp:attachment":[{"href":"https:\/\/www.inf.ufrgs.br\/ppgc\/wp-json\/wp\/v2\/media?parent=73"}],"curies":[{"name":"wp","href":"https:\/\/api.w.org\/{rel}","templated":true}]}}