{"id":786,"date":"2016-01-04T08:12:26","date_gmt":"2016-01-04T10:12:26","guid":{"rendered":"http:\/\/www.inf.ufrgs.br\/ppgc_wp\/?page_id=786"},"modified":"2016-03-15T12:41:23","modified_gmt":"2016-03-15T15:41:23","slug":"auxilios-para-docentes-do-ppgc","status":"publish","type":"page","link":"https:\/\/www.inf.ufrgs.br\/ppgc\/proex\/auxilios-para-docentes-do-ppgc\/","title":{"rendered":"Aux\u00edlios para Docentes do PPGC"},"content":{"rendered":"<p>S\u00f3 ser\u00e3o financiados com recursos do PROEX os pedidos de apoio a participa\u00e7\u00e3o em eventos j\u00e1 aprovados pela COMPESQ.<\/p>\n<p>Para eventos no pa\u00eds, at\u00e9 o teto de R$ 1.500,00, podem ser pagas di\u00e1rias, inscri\u00e7\u00e3o e passagem a\u00e9rea.<\/p>\n<p>Para eventos no exterior, at\u00e9 o teto de R$ 5.000,00, podem ser pagas di\u00e1rias e inscri\u00e7\u00e3o somente. As regras do PROEX <strong>n\u00e3o permitem o pagamento de passagem para eventos no exterior para docentes.<\/strong><\/p>\n<p>Seguem abaixo informa\u00e7\u00f5es sobre valores, sobre como receber o aux\u00edlio e sobre presta\u00e7\u00e3o de contas.<\/p>\n<h1><strong>Di\u00e1rias &#8211; valores<\/strong><\/h1>\n<p>OBS.: no calculo do n\u00famero de di\u00e1rias n\u00e3o esquecer que o valor total do auxilio (passagem, quando houver, inscri\u00e7\u00f5es e di\u00e1rias) n\u00e3o pode exceder os tetos definidos acima.<\/p>\n<p><strong>Valor das di\u00e1rias no pa\u00eds:<\/strong> o c\u00e1lculo do valor exato das di\u00e1rias no pa\u00eds ser\u00e1 feito atrav\u00e9s do sistema SCDP. O valor aproximado \u00e9 calculado da seguinte forma (h\u00e1 ainda um pequeno desconto referente ao auxilio alimenta\u00e7\u00e3o). A tabela de di\u00e1rias no pais est\u00e1 dispon\u00edvel <span style=\"color: #9a0000;\"><a style=\"color: #9a0000;\" href=\"http:\/\/ppgc.inf.ufrgs.br\/arquivos\/TabeladeDiariasNacional.pdf\">aqui<\/a><\/span>.<\/p>\n<p>Valor total = (nro. de pernoites + 0,5) x (valor da di\u00e1ria) + 95 \u2013 fra\u00e7\u00e3o aux. aliment.<\/p>\n<p>Exemplo: o docente chega na cidade do evento no domingo e ele participa na segunda, ter\u00e7a e quarta, e retorna a Porto Alegre na quarta. Ele receber\u00e1 3 di\u00e1rias e meia (j\u00e1 que houve 3 pernoites) + o valor fixo de R$ 95,00 \u2013 desconto aux\u00edlio alimenta\u00e7\u00e3o.<\/p>\n<p><strong>Valor das di\u00e1rias no exterior:<\/strong> o valor total em reais \u00e9 calculado da seguinte forma:<\/p>\n<p>Valor total = (nro. de dias do evento + 1) x (valor da di\u00e1ria) x (taxa de c\u00e2mbio)<\/p>\n<p>Exemplo: o docente chega sai de Porto Alegre no s\u00e1bado e chega na cidade do evento no domingo e participa dele na segunda, ter\u00e7a e quarta, e embarca para Porto Alegre na quarta. Ele receber\u00e1 portanto, 4 di\u00e1rias.<\/p>\n<p>A tabela de di\u00e1rias no exterior est\u00e1 dispon\u00edvel <span style=\"color: #9a0000;\"><a style=\"color: #9a0000;\" href=\"http:\/\/ppgc.inf.ufrgs.br\/arquivos\/TabeladeDiariasInternacional.pdf\">aqui<\/a><\/span> Os valores da tabela s\u00e3o em d\u00f3lares americanos e a classe dos docentes \u00e9 a IV.<\/p>\n<h1><strong>Di\u00e1rias \u2013 como receber valor j\u00e1 aprovado pela COMPESQ<\/strong><\/h1>\n<p>At\u00e9 no m\u00e1ximo 7 dias antes da viagem o docente dever\u00e1 entregar na secretaria de projetos:<\/p>\n<ul>\n<li>(i) comprovante do per\u00edodo e local do evento (impress\u00e3o de p\u00e1gina do evento)<\/li>\n<li>(ii) comprovante de aceita\u00e7\u00e3o do artigo a ser apresentado<\/li>\n<li>(iii) recibo de di\u00e1rias assinado e preenchido conforme modelo dispon\u00edvel <span style=\"color: #9a0000;\"><a style=\"color: #9a0000;\" href=\"http:\/\/ppgc.inf.ufrgs.br\/arquivos\/ReciboModeloADiarias.doc\">aqui<\/a><\/span><\/li>\n<li>(iv) impress\u00e3o da p\u00e1gina com o resultado da convers\u00e3o de valores, para o caso de evento no exterior.<\/li>\n<\/ul>\n<p><strong>Importante:<\/strong> para di\u00e1rias no exterior o valor em reais deve ser calculado usando o <span style=\"color: #9a0000;\"><a style=\"color: #9a0000;\" href=\"http:\/\/www4.bcb.gov.br\/pec\/conversao\/conversao.asp\">Conversor de Moedas<\/a><\/span> do site do Banco Central. A data de convers\u00e3o deve ser a mesma da data do recibo e n\u00e3o pode ser anterior a 7 dias da data da viagem.<\/p>\n<p>Ap\u00f3s o recebimento e verifica\u00e7\u00e3o desses documentos a Secretaria far\u00e1 o dep\u00f3sito do cheque na conta do professor.<\/p>\n<p>Presta\u00e7\u00e3o de contas: entregar c\u00f3pia do certificado de participa\u00e7\u00e3o no evento<\/p>\n<h1><strong>Taxa de Inscri\u00e7\u00e3o \u2013 reembolso na volta do evento<\/strong><\/h1>\n<p>Para ser reembolsado do valor da taxa de inscri\u00e7\u00e3o em evento o docente dever\u00e1 entregar na secretaria:<\/p>\n<ul>\n<li>(i) original do recibo do pagamento da inscri\u00e7\u00e3o emitido no nome do docente pela organiza\u00e7\u00e3o da confer\u00eancia<\/li>\n<li>(ii) c\u00f3pia do certificado de participa\u00e7\u00e3o no evento<\/li>\n<li>(iii) impress\u00e3o da p\u00e1gina com o resultado da convers\u00e3o de valores, para o caso de valor de inscri\u00e7\u00e3o em moeda estrangeira<\/li>\n<li>(iv) recibo assinado e preenchido conforme o modelo dispon\u00edvel <span style=\"color: #9a0000;\"><a style=\"color: #9a0000;\" href=\"http:\/\/ppgc.inf.ufrgs.br\/arquivos\/ReciboModeloAInscricao.doc\">aqui<\/a><\/span>.<\/li>\n<\/ul>\n<p><strong>Importante:<\/strong> o valor em reais deve ser calculado usando o <span style=\"color: #9a0000;\"><a style=\"color: #9a0000;\" href=\"http:\/\/www4.bcb.gov.br\/pec\/conversao\/conversao.asp?id=convmoeda\">Conversor de Moedas<\/a><\/span> do site do Banco Central. A data de convers\u00e3o deve ser a mesma da data do recibo do pagamento da inscri\u00e7\u00e3o.<\/p>\n<p>Ap\u00f3s o recebimento e verifica\u00e7\u00e3o desses documentos a Secretaria far\u00e1 o dep\u00f3sito do cheque na conta do professor.<\/p>\n<h1><strong>Passagem A\u00e9rea no pa\u00eds<\/strong><\/h1>\n<p>O docente dever\u00e1 solicitar a compra da passagem a\u00e9rea a empresa Shopping Tour. Toda a intera\u00e7\u00e3o com a ag\u00eancia para escolha de v\u00f4os dever\u00e1 ser feita pelo pr\u00f3prio docente. Ap\u00f3s essa negocia\u00e7\u00e3o a Shopping Tour entra em contato com a secretaria que autoriza a compra.<\/p>\n<p>Presta\u00e7\u00e3o de contas: na volta da viagem o docente dever\u00e1 entregar na secretaria:<\/p>\n<ul>\n<li>(I) os originais dos cart\u00f5es de embarque de ida e volta<\/li>\n<li>(II) c\u00f3pia de comprovante de participa\u00e7\u00e3o no evento<\/li>\n<\/ul>\n","protected":false},"excerpt":{"rendered":"<p>S\u00f3 ser\u00e3o financiados com recursos do PROEX os pedidos de apoio a participa\u00e7\u00e3o em eventos j\u00e1 aprovados pela COMPESQ. Para eventos no pa\u00eds, at\u00e9 o teto de R$ 1.500,00, podem ser pagas di\u00e1rias, inscri\u00e7\u00e3o e passagem a\u00e9rea. Para eventos no exterior, at\u00e9 o teto de R$ 5.000,00, podem ser pagas di\u00e1rias e inscri\u00e7\u00e3o somente. As [&hellip;]<\/p>\n","protected":false},"author":1,"featured_media":0,"parent":784,"menu_order":0,"comment_status":"closed","ping_status":"closed","template":"","meta":[],"_links":{"self":[{"href":"https:\/\/www.inf.ufrgs.br\/ppgc\/wp-json\/wp\/v2\/pages\/786"}],"collection":[{"href":"https:\/\/www.inf.ufrgs.br\/ppgc\/wp-json\/wp\/v2\/pages"}],"about":[{"href":"https:\/\/www.inf.ufrgs.br\/ppgc\/wp-json\/wp\/v2\/types\/page"}],"author":[{"embeddable":true,"href":"https:\/\/www.inf.ufrgs.br\/ppgc\/wp-json\/wp\/v2\/users\/1"}],"replies":[{"embeddable":true,"href":"https:\/\/www.inf.ufrgs.br\/ppgc\/wp-json\/wp\/v2\/comments?post=786"}],"version-history":[{"count":2,"href":"https:\/\/www.inf.ufrgs.br\/ppgc\/wp-json\/wp\/v2\/pages\/786\/revisions"}],"predecessor-version":[{"id":792,"href":"https:\/\/www.inf.ufrgs.br\/ppgc\/wp-json\/wp\/v2\/pages\/786\/revisions\/792"}],"up":[{"embeddable":true,"href":"https:\/\/www.inf.ufrgs.br\/ppgc\/wp-json\/wp\/v2\/pages\/784"}],"wp:attachment":[{"href":"https:\/\/www.inf.ufrgs.br\/ppgc\/wp-json\/wp\/v2\/media?parent=786"}],"curies":[{"name":"wp","href":"https:\/\/api.w.org\/{rel}","templated":true}]}}