{"id":707,"date":"2015-12-30T09:43:35","date_gmt":"2015-12-30T11:43:35","guid":{"rendered":"http:\/\/www.inf.ufrgs.br\/profcomp_wp\/?page_id=707"},"modified":"2019-06-19T09:26:28","modified_gmt":"2019-06-19T12:26:28","slug":"cmp135","status":"publish","type":"page","link":"https:\/\/www.inf.ufrgs.br\/profcomp\/lista-de-disciplinas\/cmp135\/","title":{"rendered":"CMP135"},"content":{"rendered":"<h3><strong>Arquiteturas Especiais de Computadores<\/strong><\/h3>\n<p><b>Respons\u00e1vel<\/b>: <a href=\"http:\/\/www.inf.ufrgs.br\/site\/docente\/philippe-olivier-alexandre-navaux\/\">Philippe Navaux<\/a><br \/>\n<b>Pr\u00e9-Requisitos<\/b>: &#8211;<br \/>\n<b>Carga Hor\u00e1ria<\/b>: 45 hs<br \/>\n<b>Cr\u00e9ditos<\/b>: 3<br \/>\n<b>Semestres Oferecidos<\/b>: Segundo semestre<br \/>\n<b>Matr\u00edcula de Graduandos<\/b>: A matricula dever\u00e1 ser feita como Aluno Especial<br \/>\n<b>P\u00e1gina da Disciplina<\/b>: &#8211;<\/p>\n<p><strong>S\u00daMULA\/<\/strong><strong>OBJETIVOS<\/strong><\/p>\n<p align=\"justify\">Estudar os modelos de arquiteturas n\u00e3o convencionais que est\u00e3o sendo objeto de pesquisas e constru\u00e7\u00e3o de prot\u00f3tipos. Uma \u00eanfase ser\u00e1 dada ao estudo de m\u00e1quinas para intelig\u00eancia artificial e redes neurais.<\/p>\n<p><strong>PROGRAMA<\/strong><\/p>\n<p align=\"justify\">\u2022 M\u00e1quinas orientadas a linguagens<br \/>\n\u2022 M\u00e1quinas orientadas a objetos<br \/>\n\u2022 M\u00e1quinas baseadas no conhecimento<br \/>\n\u2022 M\u00e1quinas conexionistas<br \/>\n\u2022 M\u00e1quinas de interface homem-m\u00e1quina<br \/>\n\u2022 Modelos de controle das m\u00e1quinas<br \/>\n\u2022 Processamento de m\u00e1quinas para intelig\u00eancia artificial<br \/>\n\u2022 Modelos de funcionamento de computadores<br \/>\n\u2022 Redes Neurais<br \/>\n\u2022 Arquiteturas sist\u00f3licas<br \/>\n\u2022 Estudo de Implementa\u00e7\u00e3o de M\u00e1quinas Paralelas Abstratas<\/p>\n<p><strong>BIBLIOGRAFIA<\/strong><\/p>\n<p align=\"justify\">\u2022 An Advanced Course on Future Parallel Computers. Pisa, June 9-20, 1986. Future Parallel Computers. Springer-Verlag,1987. (Lecture Notes in Computer Science 272).<br \/>\n\u2022 HWANG, K., DEGROOT, D. Parallel Processing for Supercomputers &amp; Artificial Intelligence. McGraw-Hill, 1989.<br \/>\n\u2022 Artigos selecionados.<\/p>\n","protected":false},"excerpt":{"rendered":"<p>Arquiteturas Especiais de Computadores Respons\u00e1vel: Philippe Navaux Pr\u00e9-Requisitos: &#8211; Carga Hor\u00e1ria: 45 hs Cr\u00e9ditos: 3 Semestres Oferecidos: Segundo semestre Matr\u00edcula de Graduandos: A matricula dever\u00e1 ser feita como Aluno Especial P\u00e1gina da Disciplina: &#8211; S\u00daMULA\/OBJETIVOS Estudar os modelos de arquiteturas n\u00e3o convencionais que est\u00e3o sendo objeto de pesquisas e constru\u00e7\u00e3o de prot\u00f3tipos. Uma \u00eanfase ser\u00e1 [&hellip;]<\/p>\n","protected":false},"author":1,"featured_media":0,"parent":462,"menu_order":135,"comment_status":"closed","ping_status":"closed","template":"","meta":[],"_links":{"self":[{"href":"https:\/\/www.inf.ufrgs.br\/profcomp\/wp-json\/wp\/v2\/pages\/707"}],"collection":[{"href":"https:\/\/www.inf.ufrgs.br\/profcomp\/wp-json\/wp\/v2\/pages"}],"about":[{"href":"https:\/\/www.inf.ufrgs.br\/profcomp\/wp-json\/wp\/v2\/types\/page"}],"author":[{"embeddable":true,"href":"https:\/\/www.inf.ufrgs.br\/profcomp\/wp-json\/wp\/v2\/users\/1"}],"replies":[{"embeddable":true,"href":"https:\/\/www.inf.ufrgs.br\/profcomp\/wp-json\/wp\/v2\/comments?post=707"}],"version-history":[{"count":4,"href":"https:\/\/www.inf.ufrgs.br\/profcomp\/wp-json\/wp\/v2\/pages\/707\/revisions"}],"predecessor-version":[{"id":4070,"href":"https:\/\/www.inf.ufrgs.br\/profcomp\/wp-json\/wp\/v2\/pages\/707\/revisions\/4070"}],"up":[{"embeddable":true,"href":"https:\/\/www.inf.ufrgs.br\/profcomp\/wp-json\/wp\/v2\/pages\/462"}],"wp:attachment":[{"href":"https:\/\/www.inf.ufrgs.br\/profcomp\/wp-json\/wp\/v2\/media?parent=707"}],"curies":[{"name":"wp","href":"https:\/\/api.w.org\/{rel}","templated":true}]}}