{"id":741,"date":"2015-12-30T09:56:06","date_gmt":"2015-12-30T11:56:06","guid":{"rendered":"http:\/\/www.inf.ufrgs.br\/profcomp_wp\/?page_id=741"},"modified":"2016-05-12T15:54:59","modified_gmt":"2016-05-12T18:54:59","slug":"cmp246","status":"publish","type":"page","link":"https:\/\/www.inf.ufrgs.br\/profcomp\/lista-de-disciplinas\/cmp246\/","title":{"rendered":"CMP246"},"content":{"rendered":"<div>\n<h3><strong>Teste e Confiabilidade de Sistemas de Hardware<\/strong><\/h3>\n<p><b>Respons\u00e1vel<\/b>: <a href=\"http:\/\/www.inf.ufrgs.br\/site\/docente\/fernanda-gusmao-de-lima-kastensmidt\/\">Fernanda Gusm\u00e3o de Lima Kastensmidt<\/a><br \/>\n<b>Pr\u00e9-Requisitos<\/b>: &#8211;<br \/>\n<b>Carga Hor\u00e1ria<\/b>: 60 hs<br \/>\n<b>Cr\u00e9ditos<\/b>: 4<br \/>\n<b>Semestres Oferecidos<\/b>: Segundo semestre<br \/>\n<b>Matr\u00edcula de Graduandos<\/b>: A matricula dever\u00e1 ser feita como Aluno Especial<br \/>\n<b>P\u00e1gina da Disciplina<\/b>: &#8211;<\/p>\n<p><strong>S\u00daMULA<\/strong><\/p>\n<p align=\"justify\">Revis\u00e3o de conceitos b\u00e1sicos de teste. Teste funcional e teste de software. Autoteste integrado. Teste de dispositivos espec\u00edficos: FPGAs e mem\u00f3rias. Aspectos de toler\u00e2ncia a falhas em sistemas complexos de hardware: n\u00edvel l\u00f3gico e el\u00e9trico. Medidas de Confiabilidade. Circuitos Self-checking. C\u00f3digos de detec\u00e7\u00e3o e corre\u00e7\u00e3o de erros. Toler\u00e2ncia a falhas em circuitos anal\u00f3gicos e mistos.<\/p>\n<p><strong>OBJETIVOS<\/strong><\/p>\n<p align=\"justify\">Apresentar conceitos avan\u00e7ados de teste e confiabilidade de sistemas digitais. Introduzir t\u00e9cnicas de projeto de hardware visando o teste. Preparar o aluno para a pr\u00e1tica profissional do teste, do projeto visando o teste e do projeto visando a confiabilidade de sistemas digitais.<\/p>\n<p><strong>PROGRAMA<\/strong><\/p>\n<p align=\"justify\">1 Soft errors (SEU e SET) em circuitos digitais (circuitos combinacionais e sequenciais). Modelos de falhas, injecao de falhas. Defini\u00e7\u00e3o dos seminarios com os assuntos de disserta\u00e7\u00e3o<br \/>\n2 T\u00e9cnicas de toler\u00e2ncia a soft errors em circuitos digitais (ASIC). Defini\u00e7\u00e3o dos trabalhos da disciplina<br \/>\n3 Soft errors em circuitos anal\u00f3gicos (FPAA, sensores de corrente para detectar soft error) e tecnicas de prote\u00e7\u00e3o. Paper inje\u00e7\u00e3o de falhas<br \/>\n4 Total Ionizing Dose (TID), efeitos em Vth e corrente de leakage e experimentos. Paper propagacao de SET e analise<br \/>\n5 Teste em Mem\u00f3rias (falhas permanentes, transientes). Paper tec. Prote\u00e7\u00e3o em nivel logico<br \/>\n6 T\u00e9cnicas de toler\u00e2ncia a soft errors em mem\u00f3ria. Paper de TID<br \/>\n7 Teste de NoC (falhas permanentes e transientes). Paper tolerancia em memorias<br \/>\n8 T\u00e9cnicas de toler\u00e2ncia a soft errors em circuitos digitais (NoC). Paper teste de NoC<br \/>\n9 Soft errors em circuitos program\u00e1veis (FPGAs programados por SRAM, antifus\u00edvel e flash) e t\u00e9cnicas de Toler\u00e2ncia a soft errors em FPGAs programados por antifus\u00edvel e flash. Paper tolerancia a falhas em NoC<br \/>\n10 T\u00e9cnicas de toler\u00e2ncia a soft errors em FPGAs programados por SRAM. Paper qualificacao de FPGAs<br \/>\n11 T\u00e9cnicas de toler\u00e2ncia a soft errors em processadores embarcados ou n\u00e3o em FPGAs. Paper tolerancia FPGA<br \/>\n12 T\u00e9cnicas de toler\u00e2ncia a soft errors em processadores embarcados ou n\u00e3o em FPGAs. Paper tec. Processadores em ASIC<br \/>\n13 Tecnicas de prote\u00e7\u00e3o em Software. Paper tec. Processadores em FPGA<br \/>\n14 T\u00e9cnicas de tolerancia a falhas em Layout. Paper tec. Protecao em software<br \/>\n15 Apresenta\u00e7\u00e3o e entrega dos Trabalhos.<\/p>\n<p><strong>CRIT\u00c9RIOS DE AVALIA\u00c7\u00c3O<\/strong><\/p>\n<p align=\"justify\">Far\u00e3o parte da avalia\u00e7\u00e3o o trabalho final (TF), a apresenta\u00e7\u00e3o dos semin\u00e1rios (S) e as avalia\u00e7\u00f5es feitas dos seminarios (AvS). M\u00e9dia = (2xTF + S + AvS) \/ 4<\/p>\n<p><strong>BIBLIOGRAFIA<\/strong><\/p>\n<p align=\"justify\">\u2022 Bushnell, M. and Agrawal, V. Essentials of Electronic Testing for Digital, Memory, and Mixed-Signal VLSI Circuits. Kluwer Academic Publishers, 2001. (livro texto)<br \/>\n\u2022 Abramovici, M.; Breuer, M.; Friedman, A. Digital Systems Testing and Testable Design. IEEE Press, 1990<br \/>\n\u2022 Burns, M. and Roberts, G. An Introduction to Mixed-Signal IC Test and Measurement, Oxford University Press, 2001.<br \/>\n\u2022 Fujiwara, H. Logic Testing and Design for Testability. The MIT Press, 1985.<br \/>\n\u2022 Lala, P. Digital Circuit Testing and Testability. Academic Press, 1997.<br \/>\n\u2022 Stroud, C. A Designer\u00b4s Guide to Built-in Self-Test. Kluwer Academic Publishers, 2002.<br \/>\n\u2022 Artigos selecionados de confer\u00eancias e revistas acess\u00edveis via site de peri\u00f3dicos da CAPES (www.periodicos.capes.gov.br\/rictec), na biblioteca do Instituto de Inform\u00e1tica da UFRGS.<\/p>\n<\/div>\n","protected":false},"excerpt":{"rendered":"<p>Teste e Confiabilidade de Sistemas de Hardware Respons\u00e1vel: Fernanda Gusm\u00e3o de Lima Kastensmidt Pr\u00e9-Requisitos: &#8211; Carga Hor\u00e1ria: 60 hs Cr\u00e9ditos: 4 Semestres Oferecidos: Segundo semestre Matr\u00edcula de Graduandos: A matricula dever\u00e1 ser feita como Aluno Especial P\u00e1gina da Disciplina: &#8211; S\u00daMULA Revis\u00e3o de conceitos b\u00e1sicos de teste. Teste funcional e teste de software. Autoteste integrado. [&hellip;]<\/p>\n","protected":false},"author":1,"featured_media":0,"parent":462,"menu_order":246,"comment_status":"closed","ping_status":"closed","template":"","meta":[],"_links":{"self":[{"href":"https:\/\/www.inf.ufrgs.br\/profcomp\/wp-json\/wp\/v2\/pages\/741"}],"collection":[{"href":"https:\/\/www.inf.ufrgs.br\/profcomp\/wp-json\/wp\/v2\/pages"}],"about":[{"href":"https:\/\/www.inf.ufrgs.br\/profcomp\/wp-json\/wp\/v2\/types\/page"}],"author":[{"embeddable":true,"href":"https:\/\/www.inf.ufrgs.br\/profcomp\/wp-json\/wp\/v2\/users\/1"}],"replies":[{"embeddable":true,"href":"https:\/\/www.inf.ufrgs.br\/profcomp\/wp-json\/wp\/v2\/comments?post=741"}],"version-history":[{"count":3,"href":"https:\/\/www.inf.ufrgs.br\/profcomp\/wp-json\/wp\/v2\/pages\/741\/revisions"}],"predecessor-version":[{"id":2474,"href":"https:\/\/www.inf.ufrgs.br\/profcomp\/wp-json\/wp\/v2\/pages\/741\/revisions\/2474"}],"up":[{"embeddable":true,"href":"https:\/\/www.inf.ufrgs.br\/profcomp\/wp-json\/wp\/v2\/pages\/462"}],"wp:attachment":[{"href":"https:\/\/www.inf.ufrgs.br\/profcomp\/wp-json\/wp\/v2\/media?parent=741"}],"curies":[{"name":"wp","href":"https:\/\/api.w.org\/{rel}","templated":true}]}}