{"id":7438,"date":"2025-09-17T12:37:35","date_gmt":"2025-09-17T15:37:35","guid":{"rendered":"https:\/\/www.inf.ufrgs.br\/profcomp\/?page_id=7438"},"modified":"2026-04-22T16:28:02","modified_gmt":"2026-04-22T19:28:02","slug":"ingresso","status":"publish","type":"page","link":"https:\/\/www.inf.ufrgs.br\/profcomp\/ingresso\/","title":{"rendered":"Editais"},"content":{"rendered":"<p>O ingresso no Mestrado Profissional em Ensino de Computa\u00e7\u00e3o em Rede Nacional (PROFCOMP) ocorre uma vez por ano.<\/p>\n<p>S\u00e3o 320 vagas em institui\u00e7\u00f5es de todo o Brasil.<\/p>\n<p>Veja em <a href=\"https:\/\/www.sbc.org.br\/profcomp-sbc\/\" target=\"_blank\" rel=\"noopener\">https:\/\/www.sbc.org.br\/profcomp-sbc\/<\/a><\/p>\n","protected":false},"excerpt":{"rendered":"<p>O ingresso no Mestrado Profissional em Ensino de Computa\u00e7\u00e3o em Rede Nacional (PROFCOMP) ocorre uma vez por ano. S\u00e3o 320 vagas em institui\u00e7\u00f5es de todo o Brasil. Veja em https:\/\/www.sbc.org.br\/profcomp-sbc\/<\/p>\n","protected":false},"author":10,"featured_media":0,"parent":0,"menu_order":0,"comment_status":"closed","ping_status":"closed","template":"","meta":[],"_links":{"self":[{"href":"https:\/\/www.inf.ufrgs.br\/profcomp\/wp-json\/wp\/v2\/pages\/7438"}],"collection":[{"href":"https:\/\/www.inf.ufrgs.br\/profcomp\/wp-json\/wp\/v2\/pages"}],"about":[{"href":"https:\/\/www.inf.ufrgs.br\/profcomp\/wp-json\/wp\/v2\/types\/page"}],"author":[{"embeddable":true,"href":"https:\/\/www.inf.ufrgs.br\/profcomp\/wp-json\/wp\/v2\/users\/10"}],"replies":[{"embeddable":true,"href":"https:\/\/www.inf.ufrgs.br\/profcomp\/wp-json\/wp\/v2\/comments?post=7438"}],"version-history":[{"count":6,"href":"https:\/\/www.inf.ufrgs.br\/profcomp\/wp-json\/wp\/v2\/pages\/7438\/revisions"}],"predecessor-version":[{"id":7627,"href":"https:\/\/www.inf.ufrgs.br\/profcomp\/wp-json\/wp\/v2\/pages\/7438\/revisions\/7627"}],"wp:attachment":[{"href":"https:\/\/www.inf.ufrgs.br\/profcomp\/wp-json\/wp\/v2\/media?parent=7438"}],"curies":[{"name":"wp","href":"https:\/\/api.w.org\/{rel}","templated":true}]}}

<p>O ingresso no Mestrado Profissional em Ensino de Computação em Rede Nacional (PROFCOMP) ocorre uma vez por ano.</p>
<p>São 320 vagas em instituições de todo o Brasil.</p>
<p>Veja em <a href="https://www.sbc.org.br/profcomp-sbc/" target="_blank" rel="noopener">https://www.sbc.org.br/profcomp-sbc/</a></p>

<p>O ingresso no Mestrado Profissional em Ensino de Computação em Rede Nacional (PROFCOMP) ocorre uma vez por ano. São 320 vagas em instituições de todo o Brasil. Veja em https://www.sbc.org.br/profcomp-sbc/</p>
