{"id":7615,"date":"2026-04-22T15:57:19","date_gmt":"2026-04-22T18:57:19","guid":{"rendered":"https:\/\/www.inf.ufrgs.br\/profcomp\/?page_id=7615"},"modified":"2026-04-22T16:02:29","modified_gmt":"2026-04-22T19:02:29","slug":"coordenacao","status":"publish","type":"page","link":"https:\/\/www.inf.ufrgs.br\/profcomp\/institucional\/coordenacao\/","title":{"rendered":"Coordena\u00e7\u00e3o"},"content":{"rendered":"<p>Coordena\u00e7\u00e3o:<\/p>\n<ul>\n<li>Renato Perez Ribas (coordenador)<\/li>\n<li>Jo\u00e3o Cesar Netto (vice-coordenador)<\/li>\n<\/ul>\n<p>Comiss\u00e3o Coordenadora (CPG):<\/p>\n<ul>\n<li>Jo\u00e3o Cesar Netto<\/li>\n<li>Leandro Krug Wives<\/li>\n<li>Leila Ribeiro<\/li>\n<li>Renato Perez Ribas<\/li>\n<li>S\u00e9rgio Luis Cechin<\/li>\n<\/ul>\n<p>Suplentes da CPG:<\/p>\n<ul>\n<li>Marcelo Soares Pimenta<\/li>\n<li>Renata de Matos Galante<\/li>\n<\/ul>\n","protected":false},"excerpt":{"rendered":"<p>Coordena\u00e7\u00e3o: Renato Perez Ribas (coordenador) Jo\u00e3o Cesar Netto (vice-coordenador) Comiss\u00e3o Coordenadora (CPG): Jo\u00e3o Cesar Netto Leandro Krug Wives Leila Ribeiro Renato Perez Ribas S\u00e9rgio Luis Cechin Suplentes da CPG: Marcelo Soares Pimenta Renata de Matos Galante<\/p>\n","protected":false},"author":27,"featured_media":0,"parent":47,"menu_order":0,"comment_status":"closed","ping_status":"closed","template":"","meta":[],"_links":{"self":[{"href":"https:\/\/www.inf.ufrgs.br\/profcomp\/wp-json\/wp\/v2\/pages\/7615"}],"collection":[{"href":"https:\/\/www.inf.ufrgs.br\/profcomp\/wp-json\/wp\/v2\/pages"}],"about":[{"href":"https:\/\/www.inf.ufrgs.br\/profcomp\/wp-json\/wp\/v2\/types\/page"}],"author":[{"embeddable":true,"href":"https:\/\/www.inf.ufrgs.br\/profcomp\/wp-json\/wp\/v2\/users\/27"}],"replies":[{"embeddable":true,"href":"https:\/\/www.inf.ufrgs.br\/profcomp\/wp-json\/wp\/v2\/comments?post=7615"}],"version-history":[{"count":3,"href":"https:\/\/www.inf.ufrgs.br\/profcomp\/wp-json\/wp\/v2\/pages\/7615\/revisions"}],"predecessor-version":[{"id":7618,"href":"https:\/\/www.inf.ufrgs.br\/profcomp\/wp-json\/wp\/v2\/pages\/7615\/revisions\/7618"}],"up":[{"embeddable":true,"href":"https:\/\/www.inf.ufrgs.br\/profcomp\/wp-json\/wp\/v2\/pages\/47"}],"wp:attachment":[{"href":"https:\/\/www.inf.ufrgs.br\/profcomp\/wp-json\/wp\/v2\/media?parent=7615"}],"curies":[{"name":"wp","href":"https:\/\/api.w.org\/{rel}","templated":true}]}}

Coordenação

<p>Coordenação:</p>
<ul>
<li>Renato Perez Ribas (coordenador)</li>
<li>João Cesar Netto (vice-coordenador)</li>
</ul>
<p>Comissão Coordenadora (CPG):</p>
<ul>
<li>João Cesar Netto</li>
<li>Leandro Krug Wives</li>
<li>Leila Ribeiro</li>
<li>Renato Perez Ribas</li>
<li>Sérgio Luis Cechin</li>
</ul>
<p>Suplentes da CPG:</p>
<ul>
<li>Marcelo Soares Pimenta</li>
<li>Renata de Matos Galante</li>
</ul>

<p>Coordenação: Renato Perez Ribas (coordenador) João Cesar Netto (vice-coordenador) Comissão Coordenadora (CPG): João Cesar Netto Leandro Krug Wives Leila Ribeiro Renato Perez Ribas Sérgio Luis Cechin Suplentes da CPG: Marcelo Soares Pimenta Renata de Matos Galante</p>
